{"id":24,"date":"2023-08-17T13:29:38","date_gmt":"2023-08-17T13:29:38","guid":{"rendered":"http:\/\/antn.pt\/?page_id=24"},"modified":"2026-02-02T10:53:10","modified_gmt":"2026-02-02T10:53:10","slug":"quem-somos","status":"publish","type":"page","link":"http:\/\/antn.pt\/en\/quem-somos\/","title":{"rendered":"Who we are"},"content":{"rendered":"\n\n\n\n\n\n\n\n\n\n\n\n<p style=\"text-align: justify; color:black;font-family: Roboto; font-size: small;\"><strong>A ASSOCIA\u00c7\u00c3O&nbsp;<\/strong><\/p>\n\n\n\n\n<p style=\"text-align: justify; color:black;font-family: Roboto; font-size: small;\">A <strong>AINDA N\u00c3O TEM NOME (ANTN)<\/strong>, \u00e9 uma associa\u00e7\u00e3o cultural sem fins lucrativos, sediada na freguesia do Carvalhal, concelho de Gr\u00e2ndola. A Associa\u00e7\u00e3o nasceu da vontade de desenvolver projetos culturais centrados no territ\u00f3rio e nas comunidades que os habitam, atrav\u00e9s de pr\u00e1ticas de media\u00e7\u00e3o e numa l\u00f3gica de implementa\u00e7\u00e3o descentralizada, integrando a\u00e7\u00f5es de capacita\u00e7\u00e3o para as popula\u00e7\u00f5es envolvidas. Neste sentido, a <strong>ANTN <\/strong>atua na \u00e1rea da gest\u00e3o, da media\u00e7\u00e3o e do desenho de conte\u00fados culturais e art\u00edsticos nacionais e internacionais. <br>\nA <strong>ANTN <\/strong>tem como vis\u00e3o a constru\u00e7\u00e3o de novas centralidades culturais atrav\u00e9s de uma programa\u00e7\u00e3o regular consistente, corrigindo assim assimetrias, dotando os territ\u00f3rios de uma vitalidade cultural, cruzando artistas e comunidades. Incentivar o desenvolvimento das artes, atrav\u00e9s da criatividade, fornecendo ferramentas para a transforma\u00e7\u00e3o social. <br>\nA miss\u00e3o da <strong>ANTN <\/strong>\u00e9 promover a descentraliza\u00e7\u00e3o da oferta cultural atrav\u00e9s da cria\u00e7\u00e3o de conte\u00fados de programa\u00e7\u00e3o, media\u00e7\u00e3o e participa\u00e7\u00e3o, que incentivem e promovam uma sociedade mais justa. A <strong>ANTN <\/strong>prop\u00f5e uma programa\u00e7\u00e3o diversificada e a\u00e7\u00f5es que envolvam as popula\u00e7\u00f5es locais, disponibilizando ferramentas que promovem a sua capacita\u00e7\u00e3o e empoderamento, desenvolvendo um sentido de perten\u00e7a e de coes\u00e3o social a partir de atividades culturais dirigidas \u00e0s comunidades socialmente mais fragilizadas e \u00e0s popula\u00e7\u00f5es em situa\u00e7\u00e3o de isolamento, estimulando o pensamento cr\u00edtico. <br><br>\nA <strong>ANTN <\/strong>tem como valores a criatividade, inova\u00e7\u00e3o, excel\u00eancia, responsabilidade social, responsabilidade ecol\u00f3gica, respeito, inclus\u00e3o, pluralidade cultural, solidariedade.<\/p>\n\n\n\n\n<p style=\"text-align: justify; color:black;font-family: Roboto; font-size: small;\"><strong>OS ASSOCIADOS [dire\u00e7\u00e3o]<\/strong><\/p>\n\n\n\n\n\n\nFormada em Gest\u00e3o de Atividades Culturais, trabalha como independente para diversas estruturas, organismos, companhias independentes e eventos.Iniciou a sua atividade na Culturgest como Assistente de Espet\u00e1culos e Congressos.<br>Entre 2000\/03 foi Assessora do Diretor Art\u00edstico e Organizacional do Maria Matos Teatro Municipal, no planeamento geral de atividades e Programa\u00e7\u00e3o; assistente da Dire\u00e7\u00e3o T\u00e9cnica, tendo sido igualmente respons\u00e1vel pelo acolhimento das diversas Companhias apresentadas no Teatro.<br>Entre 2003\/05 foi Gestora e Diretora do Maria Matos Teatro Municipal. <br>Em 2005 foi Assessora da Dire\u00e7\u00e3o de Produ\u00e7\u00e3o e Produtora T\u00e9cnica na FARO \u2013 Capital Nacional da Cultura.<br>Colaborou na elabora\u00e7\u00e3o da \u201cCarta Estrat\u00e9gica dos Teatros e Equipamentos Cong\u00e9neres para a Cidade de Lisboa\u201d, organizada pela Cassefaz, para a CM Lisboa.<br>Lecionou a Cadeira de Enquadramento Jur\u00eddico e Econ\u00f3mico do Teatro, da Licenciatura em Estudos Teatrais da Universidade de \u00c9vora.<br>Foi Diretora de Produ\u00e7\u00e3o e Gest\u00e3o de diversas pe\u00e7as de Teatro para Companhias independentes, e foi respons\u00e1vel t\u00e9cnica dos espet\u00e1culos.<br>Entre 2006\/12 foi respons\u00e1vel pelo Departamento de Promo\u00e7\u00e3o e Comunica\u00e7\u00e3o da Artemrede, tendo sido igualmente Consultora T\u00e9cnica em 2011 e 2012.<br>Entre 2007\/18 foi respons\u00e1vel pelas digress\u00f5es das Companhias estrangeiras no territ\u00f3rio da Artemrede.<br>Entre 2010\/12 foi respons\u00e1vel pela cassefazProduz, o Departamento de Produ\u00e7\u00e3o Executiva da Cassefaz.<br>Desde 2010 que \u00e9 respons\u00e1vel pela equipa de produ\u00e7\u00e3o executiva do Festival TODOS, com dire\u00e7\u00e3o de Miguel Abreu e desde 2019 \u00e9 Consultora para a programa\u00e7\u00e3o de Novo Circo.<br>Em 2014 foi Diretora de Produ\u00e7\u00e3o do LEFFEST, de Paulo Branco.<br>Em 2015\/16 foi respons\u00e1vel pela Gest\u00e3o e Dire\u00e7\u00e3o de Produ\u00e7\u00e3o do Teatro dos Alo\u00e9s; 2016\/18 colaborou com o LAMA, na Produ\u00e7\u00e3o e Gest\u00e3o e desde 2018 com o Teatro S\u00d3, na Dire\u00e7\u00e3o de Produ\u00e7\u00e3o.<br>Em 2017 foi Diretora de Produ\u00e7\u00e3o da Artemrede e do 1\u00ba MANOBRAS \u2013 Festival Internacional de Marionetas.<br>Entre 2019 e abril 2024 assume as fun\u00e7\u00f5es de Codire\u00e7\u00e3o Geral, Art\u00edstica e de Gest\u00e3o, com Manuela Jorge, da Malaposta.<br>Em 2022 funda, conjuntamente com Manuela Jorge, a associa\u00e7\u00e3o cultural Ainda N\u00e3o tem Nome, para dar corpo aos projetos que ambas t\u00eam em conjunto.\n\n\n\n\nInicia a sua atividade em 89, no Teatro O Bando. Desde ent\u00e3o tem produzido diversos espet\u00e1culos nas artes performativas.<br>Fez assessoria de imprensa no 1\u00ba Congresso de Teatro, realizado na Funda\u00e7\u00e3o Calouste Gulbenkian, em 1993, organizado pelo Centro Nacional de Cultura.<br>Integrou as equipas de produ\u00e7\u00e3o dos eventos Olharapos, com a Cassefaz, para a Expo 98, FIAR e Madrugada, com dire\u00e7\u00e3o art\u00edstica e t\u00e9cnica do Teatro O Bando (1999) e Festas de Lisboa, organizado pela EBHAL\/EGEAC, (2001, 2010).<br>Foi respons\u00e1vel pela coordena\u00e7\u00e3o e gest\u00e3o financeira de projetos art\u00edsticos e culturais, pesquisa de apoios e financiamento e elabora\u00e7\u00e3o de diversas candidaturas apresentadas a entidades p\u00fablicas e privadas para os grupos Teatro O Bando, Teatro Infantil de Lisboa, Kl\u00e1ssikus, Teatro dos Al\u00f3es, Escola de Mulheres, Teatroesfera, Volte-Face (\u00f3pera), entre outros, e para os artistas individuais Fernando Gomes, Alfredo Brito, Jos\u00e9 Neves, Adriano Luz, Teresa Sobral, Dalila Carmo, Isabel Medina, Lucinda Loureiro, Jos\u00e9 Louren\u00e7o, Elsa Galv\u00e3o, entre outros.<br>Fez a dire\u00e7\u00e3o e coordena\u00e7\u00e3o t\u00e9cnica, desenho de luz e assist\u00eancia de encena\u00e7\u00e3o em diversos projetos.<br>Em 2001, funda a Kl\u00e1ssikus, companhia de Teatro com a dire\u00e7\u00e3o art\u00edstica de Fernando Gomes, onde permaneceu at\u00e9 2012. <br>Em 2005 integra a produ\u00e7\u00e3o da Escola de Mulheres, onde permaneceu at\u00e9 2016.\n<br>Em 2014 funda a Minutos Redondos, coletivo dedicado \u00e0 gest\u00e3o, programa\u00e7\u00e3o e produ\u00e7\u00e3o cultural, onde permanece at\u00e9 \u00e0 atualidade.<br>Entre mar\u00e7o 2019 e abril 2024 assume as fun\u00e7\u00f5es de codire\u00e7\u00e3o geral, art\u00edstica e de gest\u00e3o do Centro Cultural da Malaposta, juntamente com Joana Ferreira.<br>Em 2022 funda, conjuntamente com Joana Ferreira, a associa\u00e7\u00e3o Ainda N\u00e3o tem Nome, para dar voz aos projetos que ambas t\u00eam em conjunto.<br>Projetos que destaca na sua atividade profissional: como produtora \u201cBrevi\u00e1rio para um Exterm\u00ednio Silencioso\u201d, encena\u00e7\u00e3o de Rui Neto; \u201cAgosto em Osage\u201d, encena\u00e7\u00e3o de Fernanda Lapa, \u201cMarcas de Sangue\u201d, encena\u00e7\u00e3o de Isabel Medina, \u201cCa\u00e7adores de Anjos\u201d, docudrama com realiza\u00e7\u00e3o de Isabel Medina, \u201cFuera, Fora, Dehors\u201d coprodu\u00e7\u00e3o Portugal, Espanha e Fran\u00e7a, com a Escola de Mulheres; \u201cVidas Publicadas\u201d, encena\u00e7\u00e3o de Marcia Haufrecht; \u201cOs Guardas do Museu de Bagdad\u201d, encena\u00e7\u00e3o de Jos\u00e9 Peixoto, Teatro dos Alo\u00e9s; \u201cO Elixir do Amor\u201d, encena\u00e7\u00e3o de Fernando Gomes, com a Kl\u00e1ssikus; \u201cFauna e Flora\u201d, encena\u00e7\u00e3o de Jos\u00e9 Louren\u00e7o (\u00d3pera); codire\u00e7\u00e3o art\u00edstica, gest\u00e3o e programa\u00e7\u00e3o do Centro Cultural da Malaposta.<br>Nas edi\u00e7\u00f5es, colaborou no Guia das Artes Visuais e do Espet\u00e1culo (2 edi\u00e7\u00f5es), M.M. Sebentas, Opera\u00e7\u00e3o Gavet\u00e3o, As Fronteiras do Travesti no Trabalho do Actor, com a Cassefaz. Idealizou, coordenou e elaborou o design gr\u00e1fico do Cat\u00e1logo 23 Anos da Escola de Mulheres.\n\n\n\n\n\n\n<p style=\"text-align: justify; color:black;font-family: Roboto; font-size: small;\"><strong>OS ASSOCIADOS [corpos sociais]<\/strong><\/p>\n<p style=\"text-align: justify; color:black;font-family: Roboto; font-size: small;\"><strong>GUILHERME DUARTE | FILIPE RAPOSO | M\u00c1RIO TRIGO | CARLOS MACEDO | PATR\u00cdCIA MARQUES | ELSA GALV\u00c3O | RUI CORREIA DA SILVA<\/strong><\/p>\n\n\n\n\n","protected":false},"excerpt":{"rendered":"","protected":false},"author":1,"featured_media":0,"parent":0,"menu_order":0,"comment_status":"closed","ping_status":"closed","template":"","meta":{"pagelayer_contact_templates":[],"_pagelayer_content":"","footnotes":""},"class_list":["post-24","page","type-page","status-publish","hentry"],"_links":{"self":[{"href":"http:\/\/antn.pt\/en\/wp-json\/wp\/v2\/pages\/24","targetHints":{"allow":["GET"]}}],"collection":[{"href":"http:\/\/antn.pt\/en\/wp-json\/wp\/v2\/pages"}],"about":[{"href":"http:\/\/antn.pt\/en\/wp-json\/wp\/v2\/types\/page"}],"author":[{"embeddable":true,"href":"http:\/\/antn.pt\/en\/wp-json\/wp\/v2\/users\/1"}],"replies":[{"embeddable":true,"href":"http:\/\/antn.pt\/en\/wp-json\/wp\/v2\/comments?post=24"}],"version-history":[{"count":1,"href":"http:\/\/antn.pt\/en\/wp-json\/wp\/v2\/pages\/24\/revisions"}],"predecessor-version":[{"id":1739,"href":"http:\/\/antn.pt\/en\/wp-json\/wp\/v2\/pages\/24\/revisions\/1739"}],"wp:attachment":[{"href":"http:\/\/antn.pt\/en\/wp-json\/wp\/v2\/media?parent=24"}],"curies":[{"name":"wp","href":"https:\/\/api.w.org\/{rel}","templated":true}]}}

<p style="text-align: justify; color:black;font-family: Roboto; font-size: small;"><strong>A ASSOCIAÇÃO&nbsp;</strong></p>




<p style="text-align: justify; color:black;font-family: Roboto; font-size: small;">A <strong>AINDA NÃO TEM NOME (ANTN)</strong>, é uma associação cultural sem fins lucrativos, sediada na freguesia do Carvalhal, concelho de Grândola. A Associação nasceu da vontade de desenvolver projetos culturais centrados no território e nas comunidades que os habitam, através de práticas de mediação e numa lógica de implementação descentralizada, integrando ações de capacitação para as populações envolvidas. Neste sentido, a <strong>ANTN </strong>atua na área da gestão, da mediação e do desenho de conteúdos culturais e artísticos nacionais e internacionais. <br>
A <strong>ANTN </strong>tem como visão a construção de novas centralidades culturais através de uma programação regular consistente, corrigindo assim assimetrias, dotando os territórios de uma vitalidade cultural, cruzando artistas e comunidades. Incentivar o desenvolvimento das artes, através da criatividade, fornecendo ferramentas para a transformação social. <br>
A missão da <strong>ANTN </strong>é promover a descentralização da oferta cultural através da criação de conteúdos de programação, mediação e participação, que incentivem e promovam uma sociedade mais justa. A <strong>ANTN </strong>propõe uma programação diversificada e ações que envolvam as populações locais, disponibilizando ferramentas que promovem a sua capacitação e empoderamento, desenvolvendo um sentido de pertença e de coesão social a partir de atividades culturais dirigidas às comunidades socialmente mais fragilizadas e às populações em situação de isolamento, estimulando o pensamento crítico. <br><br>
A <strong>ANTN </strong>tem como valores a criatividade, inovação, excelência, responsabilidade social, responsabilidade ecológica, respeito, inclusão, pluralidade cultural, solidariedade.</p>




<p style="text-align: justify; color:black;font-family: Roboto; font-size: small;"><strong>OS ASSOCIADOS [direção]</strong></p>






Formada em Gestão de Atividades Culturais, trabalha como independente para diversas estruturas, organismos, companhias independentes e eventos.Iniciou a sua atividade na Culturgest como Assistente de Espetáculos e Congressos.<br>Entre 2000/03 foi Assessora do Diretor Artístico e Organizacional do Maria Matos Teatro Municipal, no planeamento geral de atividades e Programação; assistente da Direção Técnica, tendo sido igualmente responsável pelo acolhimento das diversas Companhias apresentadas no Teatro.<br>Entre 2003/05 foi Gestora e Diretora do Maria Matos Teatro Municipal. <br>Em 2005 foi Assessora da Direção de Produção e Produtora Técnica na FARO – Capital Nacional da Cultura.<br>Colaborou na elaboração da “Carta Estratégica dos Teatros e Equipamentos Congéneres para a Cidade de Lisboa”, organizada pela Cassefaz, para a CM Lisboa.<br>Lecionou a Cadeira de Enquadramento Jurídico e Económico do Teatro, da Licenciatura em Estudos Teatrais da Universidade de Évora.<br>Foi Diretora de Produção e Gestão de diversas peças de Teatro para Companhias independentes, e foi responsável técnica dos espetáculos.<br>Entre 2006/12 foi responsável pelo Departamento de Promoção e Comunicação da Artemrede, tendo sido igualmente Consultora Técnica em 2011 e 2012.<br>Entre 2007/18 foi responsável pelas digressões das Companhias estrangeiras no território da Artemrede.<br>Entre 2010/12 foi responsável pela cassefazProduz, o Departamento de Produção Executiva da Cassefaz.<br>Desde 2010 que é responsável pela equipa de produção executiva do Festival TODOS, com direção de Miguel Abreu e desde 2019 é Consultora para a programação de Novo Circo.<br>Em 2014 foi Diretora de Produção do LEFFEST, de Paulo Branco.<br>Em 2015/16 foi responsável pela Gestão e Direção de Produção do Teatro dos Aloés; 2016/18 colaborou com o LAMA, na Produção e Gestão e desde 2018 com o Teatro SÓ, na Direção de Produção.<br>Em 2017 foi Diretora de Produção da Artemrede e do 1º MANOBRAS – Festival Internacional de Marionetas.<br>Entre 2019 e abril 2024 assume as funções de Codireção Geral, Artística e de Gestão, com Manuela Jorge, da Malaposta.<br>Em 2022 funda, conjuntamente com Manuela Jorge, a associação cultural Ainda Não tem Nome, para dar corpo aos projetos que ambas têm em conjunto.




Inicia a sua atividade em 89, no Teatro O Bando. Desde então tem produzido diversos espetáculos nas artes performativas.<br>Fez assessoria de imprensa no 1º Congresso de Teatro, realizado na Fundação Calouste Gulbenkian, em 1993, organizado pelo Centro Nacional de Cultura.<br>Integrou as equipas de produção dos eventos Olharapos, com a Cassefaz, para a Expo 98, FIAR e Madrugada, com direção artística e técnica do Teatro O Bando (1999) e Festas de Lisboa, organizado pela EBHAL/EGEAC, (2001, 2010).<br>Foi responsável pela coordenação e gestão financeira de projetos artísticos e culturais, pesquisa de apoios e financiamento e elaboração de diversas candidaturas apresentadas a entidades públicas e privadas para os grupos Teatro O Bando, Teatro Infantil de Lisboa, Klássikus, Teatro dos Alóes, Escola de Mulheres, Teatroesfera, Volte-Face (ópera), entre outros, e para os artistas individuais Fernando Gomes, Alfredo Brito, José Neves, Adriano Luz, Teresa Sobral, Dalila Carmo, Isabel Medina, Lucinda Loureiro, José Lourenço, Elsa Galvão, entre outros.<br>Fez a direção e coordenação técnica, desenho de luz e assistência de encenação em diversos projetos.<br>Em 2001, funda a Klássikus, companhia de Teatro com a direção artística de Fernando Gomes, onde permaneceu até 2012. <br>Em 2005 integra a produção da Escola de Mulheres, onde permaneceu até 2016.
<br>Em 2014 funda a Minutos Redondos, coletivo dedicado à gestão, programação e produção cultural, onde permanece até à atualidade.<br>Entre março 2019 e abril 2024 assume as funções de codireção geral, artística e de gestão do Centro Cultural da Malaposta, juntamente com Joana Ferreira.<br>Em 2022 funda, conjuntamente com Joana Ferreira, a associação Ainda Não tem Nome, para dar voz aos projetos que ambas têm em conjunto.<br>Projetos que destaca na sua atividade profissional: como produtora “Breviário para um Extermínio Silencioso”, encenação de Rui Neto; “Agosto em Osage”, encenação de Fernanda Lapa, “Marcas de Sangue”, encenação de Isabel Medina, “Caçadores de Anjos”, docudrama com realização de Isabel Medina, “Fuera, Fora, Dehors” coprodução Portugal, Espanha e França, com a Escola de Mulheres; “Vidas Publicadas”, encenação de Marcia Haufrecht; “Os Guardas do Museu de Bagdad”, encenação de José Peixoto, Teatro dos Aloés; “O Elixir do Amor”, encenação de Fernando Gomes, com a Klássikus; “Fauna e Flora”, encenação de José Lourenço (Ópera); codireção artística, gestão e programação do Centro Cultural da Malaposta.<br>Nas edições, colaborou no Guia das Artes Visuais e do Espetáculo (2 edições), M.M. Sebentas, Operação Gavetão, As Fronteiras do Travesti no Trabalho do Actor, com a Cassefaz. Idealizou, coordenou e elaborou o design gráfico do Catálogo 23 Anos da Escola de Mulheres.






<p style="text-align: justify; color:black;font-family: Roboto; font-size: small;"><strong>OS ASSOCIADOS [corpos sociais]</strong></p>
<p style="text-align: justify; color:black;font-family: Roboto; font-size: small;"><strong>GUILHERME DUARTE | FILIPE RAPOSO | MÁRIO TRIGO | CARLOS MACEDO | PATRÍCIA MARQUES | ELSA GALVÃO | RUI CORREIA DA SILVA</strong></p>
