{"id":1159,"date":"2025-06-02T12:17:18","date_gmt":"2025-06-02T12:17:18","guid":{"rendered":"https:\/\/antn.pt\/?page_id=1159"},"modified":"2025-06-02T13:14:59","modified_gmt":"2025-06-02T13:14:59","slug":"vento","status":"publish","type":"page","link":"https:\/\/antn.pt\/en\/colaboracoes\/colaboracoes-internacionais\/vento\/","title":{"rendered":"Vento"},"content":{"rendered":"<h4>VENTO<\/h4>\n<h4><span style=\"font-size: large;\"><p style=\"color:#7f747487;\"><strong>DE groupe zur | MULTIDISCIPLINAR&nbsp;<\/strong><br><\/p><\/span><\/h4>\n\n\n\n\n\n\n\n\n\n<p style=\"text-align: justify; color: white; font-family: Roboto; font-size: small;\"><strong>VENTO <\/strong>\u00e9 um espet\u00e1culo \u00e0 prova do vento, \u00e9 um convite a respirarmos juntos numa s\u00e9rie de ciclos hipn\u00f3ticos levados por elementos musicais, imagens, corpo e vento. Atrav\u00e9s de uma composi\u00e7\u00e3o viva, narrativa e abstrata, as personagens deste \u201ccinema ao vivo\u201d iniciam uma viagem entr\u00f3pica, revelando a lenta transforma\u00e7\u00e3o dos elementos que nos rodeiam.<br><br>\n<strong>VENTO <\/strong>\u00e9 uma experi\u00eancia sensorial que recorre ao ar para materializar as for\u00e7as invis\u00edveis de intera\u00e7\u00e3o entre os seres e os elementos.<br><br>\nReunidos ao anoitecer, quando o vento acalma, os ca\u00e7adores-recoletores do Groupe ZUR guiam os espectadores de um recanto ao outro da terra, colhendo o siroco, o f\u00f6hn, o mistral e os ventos al\u00edsios.<br><br>\nO projecionista lan\u00e7a a primeira imagem e eis-nos levados para onde o vento nos conduz. Nesta explora\u00e7\u00e3o sonora, f\u00edsica e visual, nesta dan\u00e7a por vezes l\u00fadica, sensual e furiosa, o vento \u00e9 o protagonista. Invis\u00edvel mas omnipresente, faz voar os pensamentos, reveste-se de diferentes formas, encarna na mat\u00e9ria. Unidos nesta travessia, os protagonistas dialogam com o sopro dos ventiladores e fundem-se com as imagens e as sombras. Bateria, voz e manipula\u00e7\u00f5es eletr\u00f3nicas comp\u00f5em ao vivo a partitura desta odisseia.<br><br>\nPor vezes acariciados como por uma brisa quente, por vezes apanhados na tormenta, navegamos com eles. Quando o vento livre, que sopra sobre as nossas almas, nos permite retomar o f\u00f4lego, permanece um sentimento intenso, exaltante, de imensid\u00e3o.<\/p>\n\n\n\n\n\n\n\n<strong>FICHA ART\u00cdSTICA<\/strong><br>cria\u00e7\u00e3o e interpreta\u00e7\u00e3o&nbsp;<strong>CHRISTOPHE AUGER, EVELYNE CAILLET, NICOLAS GALLARD, BERTRAND GROISARD, OLIVIER GUILLEMAIN, GWEN LABARTA, J\u00c9R\u00d4ME LUBIN <\/strong>e<strong> SORAYA SANHAJI&nbsp;<\/strong><strong>| <\/strong>com os olhares e palavras acolhedoras<strong>&nbsp;<\/strong><strong>MOHAMED GUELLATI e FALILA TA\u00cfROU | <\/strong>figurinos&nbsp;<strong>ALMA LOMAX<\/strong><a href=\"https:\/\/groupe-zur.com\/creations\/vento-creation-2021\/\"><strong><br><br>WWW.GROUPE-ZUR.COM<\/strong><\/a>\n\n\n\n\n\n\n\n<p style=\"text-align: justify; color: white; font-family: Roboto; font-size: small;\">Dura\u00e7\u00e3o: 50 minutos<br>\nP\u00fablico: para todos<br>\nLota\u00e7\u00e3o: 300 pessoas<\/p>","protected":false},"excerpt":{"rendered":"","protected":false},"author":1,"featured_media":0,"parent":1085,"menu_order":0,"comment_status":"closed","ping_status":"closed","template":"","meta":{"pagelayer_contact_templates":[],"_pagelayer_content":"","footnotes":""},"class_list":["post-1159","page","type-page","status-publish","hentry"],"_links":{"self":[{"href":"https:\/\/antn.pt\/en\/wp-json\/wp\/v2\/pages\/1159","targetHints":{"allow":["GET"]}}],"collection":[{"href":"https:\/\/antn.pt\/en\/wp-json\/wp\/v2\/pages"}],"about":[{"href":"https:\/\/antn.pt\/en\/wp-json\/wp\/v2\/types\/page"}],"author":[{"embeddable":true,"href":"https:\/\/antn.pt\/en\/wp-json\/wp\/v2\/users\/1"}],"replies":[{"embeddable":true,"href":"https:\/\/antn.pt\/en\/wp-json\/wp\/v2\/comments?post=1159"}],"version-history":[{"count":0,"href":"https:\/\/antn.pt\/en\/wp-json\/wp\/v2\/pages\/1159\/revisions"}],"up":[{"embeddable":true,"href":"https:\/\/antn.pt\/en\/wp-json\/wp\/v2\/pages\/1085"}],"wp:attachment":[{"href":"https:\/\/antn.pt\/en\/wp-json\/wp\/v2\/media?parent=1159"}],"curies":[{"name":"wp","href":"https:\/\/api.w.org\/{rel}","templated":true}]}}

<h4>VENTO</h4>
<h4><span style="font-size: large;"><p style="color:#7f747487;"><strong>DE groupe zur | MULTIDISCIPLINAR&nbsp;</strong><br></p></span></h4>









<p style="text-align: justify; color: white; font-family: Roboto; font-size: small;"><strong>VENTO </strong>é um espetáculo à prova do vento, é um convite a respirarmos juntos numa série de ciclos hipnóticos levados por elementos musicais, imagens, corpo e vento. Através de uma composição viva, narrativa e abstrata, as personagens deste “cinema ao vivo” iniciam uma viagem entrópica, revelando a lenta transformação dos elementos que nos rodeiam.<br><br>
<strong>VENTO </strong>é uma experiência sensorial que recorre ao ar para materializar as forças invisíveis de interação entre os seres e os elementos.<br><br>
Reunidos ao anoitecer, quando o vento acalma, os caçadores-recoletores do Groupe ZUR guiam os espectadores de um recanto ao outro da terra, colhendo o siroco, o föhn, o mistral e os ventos alísios.<br><br>
O projecionista lança a primeira imagem e eis-nos levados para onde o vento nos conduz. Nesta exploração sonora, física e visual, nesta dança por vezes lúdica, sensual e furiosa, o vento é o protagonista. Invisível mas omnipresente, faz voar os pensamentos, reveste-se de diferentes formas, encarna na matéria. Unidos nesta travessia, os protagonistas dialogam com o sopro dos ventiladores e fundem-se com as imagens e as sombras. Bateria, voz e manipulações eletrónicas compõem ao vivo a partitura desta odisseia.<br><br>
Por vezes acariciados como por uma brisa quente, por vezes apanhados na tormenta, navegamos com eles. Quando o vento livre, que sopra sobre as nossas almas, nos permite retomar o fôlego, permanece um sentimento intenso, exaltante, de imensidão.</p>







<strong>FICHA ARTÍSTICA</strong><br>criação e interpretação&nbsp;<strong>CHRISTOPHE AUGER, EVELYNE CAILLET, NICOLAS GALLARD, BERTRAND GROISARD, OLIVIER GUILLEMAIN, GWEN LABARTA, JÉRÔME LUBIN </strong>e<strong> SORAYA SANHAJI&nbsp;</strong><strong>| </strong>com os olhares e palavras acolhedoras<strong>&nbsp;</strong><strong>MOHAMED GUELLATI e FALILA TAÏROU | </strong>figurinos&nbsp;<strong>ALMA LOMAX</strong><a href="https://groupe-zur.com/creations/vento-creation-2021/"><strong><br><br>WWW.GROUPE-ZUR.COM</strong></a>







<p style="text-align: justify; color: white; font-family: Roboto; font-size: small;">Duração: 50 minutos<br>
Público: para todos<br>
Lotação: 300 pessoas</p>
