{"id":1251,"date":"2025-07-28T10:22:41","date_gmt":"2025-07-28T10:22:41","guid":{"rendered":"https:\/\/antn.pt\/?page_id=1251"},"modified":"2025-09-24T08:47:16","modified_gmt":"2025-09-24T08:47:16","slug":"maria-fonseca-quinteto","status":"publish","type":"page","link":"https:\/\/antn.pt\/en\/projetos\/festival-theia\/festival-theia-2025\/maria-fonseca-quinteto\/","title":{"rendered":"Maria Fonseca Quinteto"},"content":{"rendered":"\n\n\n<h4>FESTIVAL THEIA<\/h4>\n<h4><span style=\"font-size: large;\"><p style=\"color:#7f747487;\"><strong>3\u00aa EDI\u00c7\u00c3O | 2025<\/strong><br><\/p><\/span><\/h4>\n\n\n\n\n\n<span style=\"color:#000000;\"><p style=\"text-align:left\"><span style=\"font-size:small;\">MARIA FONSECA QUINTETO<br>SEXTA, 26 DE SETEMBRO | 21H30<br>TEATRO MUNICIPAL DA LOUS\u00c3<br>60 MINUTOS | M\/6<\/span><\/p><\/span>\n\n\n<p style=\"text-align: justify; color:black;font-family: Roboto; font-size: small;\"><strong>MARIA FONSECA QUINTETO<\/strong><strong><br><br>Maria Fonseca Quinteto<\/strong> afirma-se como um projeto promissor no panorama do jazz emergente em Portugal. Resultante do encontro entre cinco m\u00fasicos da Escola Superior de M\u00fasica de Lisboa, este quinteto \u00e9 liderado pela trompetista e compositora Maria Fonseca, cuja vis\u00e3o art\u00edstica orienta a cria\u00e7\u00e3o de um repert\u00f3rio maioritariamente original, caracterizado por uma linguagem expressiva e contempor\u00e2nea.\nA forma\u00e7\u00e3o integra Jos\u00e9 Mestre no clarinete e clarinete baixo, Bruno Ponte na guitarra, Z\u00e9 Pedro Jorge no contrabaixo e Maria Carvalho na bateria, m\u00fasicos que, em conjunto, exploram uma sonoridade marcada pela versatilidade, pela cumplicidade interpretativa e por uma abordagem sofisticada \u00e0 improvisa\u00e7\u00e3o e \u00e0 composi\u00e7\u00e3o. Enraizado na tradi\u00e7\u00e3o do jazz, mas aberto \u00e0 experimenta\u00e7\u00e3o e \u00e0 inova\u00e7\u00e3o, o projeto reflete o dinamismo e a vitalidade de uma nova gera\u00e7\u00e3o de int\u00e9rpretes e criadores, evidenciando o papel ativo das mulheres na lideran\u00e7a art\u00edstica no contexto da m\u00fasica contempor\u00e2nea.<\/p>\n\n\n\n\n\n\n\n\n\n\n\n\n\n\n\n\n\n\n\n\n\n\n\n\n\ncomposi\u00e7\u00e3o e trompete&nbsp;<strong>MARIA FONSECA&nbsp;| <\/strong> interpreta\u00e7\u00e3o <strong>JOS\u00c9 MESTRE&nbsp;<\/strong>[clarinete e clarinete baixo], <strong>BRUNO PONTE&nbsp;<\/strong>[guitarra], <strong>JOS\u00c9 PEDRO JORGE&nbsp;<\/strong>[contrabaixo] e&nbsp;<strong>MARIA CARVALHO&nbsp;<\/strong>[bateria]\n\n\n\n\n\n\n\n\n\n\n<span style=\"font-size:small;\"><span style=\"\"><span data-pts=\"\">Sem texto<\/span><\/span><\/span>\n<span style=\"font-size:small;\"><span style=\"\"><span data-pts=\"\">Acess\u00edvel a todos<\/span><\/span><\/span>\n\n\n\n\n\n\n\n\n<p style=\"text-align: justify; color:black;font-family: Roboto; font-size: 11px;\"><strong>BIOGRAFIAS<\/strong><br> \n<strong>MARIA FONSECA<\/strong> tem 21 anos e toca trompete h\u00e1 12 anos. Come\u00e7ou na Orquestra Gera\u00e7\u00e3o e, mais tarde, entrou no Gerajazz e no Hot Club Portugal. Frequentou o curso de Ci\u00eancias Socioecon\u00f3micas e, atualmente, est\u00e1 no terceiro ano da Licenciatura de Jazz da Escola Superior de M\u00fasica de Lisboa (ESML). J\u00e1 tocou na Casa da M\u00fasica, Olga Cadaval, Aula Magna, Gulbenkian, CCB, Bimhuis (Amesterd\u00e3o), entre outros. J\u00e1 participou no Festival de Almada, Ciclo de Jazz da Amadora, Lisbon Jazz Summer School, Almost 6 (no qual foi a vencedora), Festa do Jazz (onde recebeu Men\u00e7\u00e3o Honrosa), Concurso de Talentos da Smooth FM (no qual foi uma das vencedoras), International Youth Jazz Camp (Jap\u00e3o), Kids in Jazz (Noruega), KidsCann (Est\u00f3nia e Dinamarca), Side-by-Side (Su\u00ed\u00e7a) e Chords of Harmony (Espanha). Participou tamb\u00e9m no Anivers\u00e1rio da Gulbenkian, em 2019, na Missa de Bernstein, na celebra\u00e7\u00e3o do Dia da Mulher com o projeto \u201cCal\u00edope\u201d e no 77\u00ba anivers\u00e1rio do HCP com o seu quinteto, onde apresentou, pela primeira vez, m\u00fasicas da sua autoria. Entre setembro e dezembro de 2024 representou a ESML em Amesterd\u00e3o, onde esteve em Erasmus (Conservatorium van Amsterdam). J\u00e1 gravou com alguns grupos como Sogranora, Mordo Mia e Andr\u00e9 Pizarro Pepe. Atualmente, tem o seu trio, o seu quinteto e faz parte do sexteto Off on a Comet, do quarteto As Marias, do Juliana Mendon\u00e7a Sexteto e do quarteto \u00e0 Beira de um Ataque de Nervos.<br><br>\n<strong>JOS\u00c9 MESTRE<\/strong> nasceu em 1991 em Lisboa e iniciou os seus estudos na m\u00fasica aos 11 anos em clarinete, na Sociedade Filarm\u00f3nica Uni\u00e3o Art\u00edstica Piedense (Cova da Piedade \u2013 Almada), com o Professor Jo\u00e3o Ver\u00edssimo. Em 2009, ingressou na Academia de Amadores de M\u00fasica de Lisboa, onde estudou clarinete com Jos\u00e9 Monteiro, tendo frequentado o 7\u00ba grau de Clarinete. Iniciou o estudo do Jazz em 2019 na Escola de Jazz Luiz Villas-Boas do Hot Clube de Portugal em clarinete, onde estudou com os professores C\u00e9sar Cardoso e Paulo Gaspar, tendo participado em workshops\/masterclasses com Jason Palmer, Mark Turner &#038; Ethan Iverson, Markus Burger e na Big Band de Alunos da Escola do HCP, concluindo o curso regular de Jazz em 2022. Tamb\u00e9m participou noutras masterclasses (\u201cMasterclass e Improvisa\u00e7\u00e3o e Inicia\u00e7\u00e3o ao Jazz\u201d &#8211; Paulo Gaspar) de Jazz. No mesmo ano, ingressa na Licenciatura em M\u00fasica &#8211; Jazz, da Escola Superior de M\u00fasica de Lisboa, onde estudou com Desid\u00e9rio L\u00e1zaro, Jo\u00e3o Moreira, entre outros e atualmente com Pedro Moreira, onde se encontra de momento a frequentar o 3\u00ba e \u00faltimo ano da Licenciatura M\u00fasica &#8211; variante de Jazz. Participou em masterclasses na ESML com Jorge H\u00e9lder, Guinga e Werner Neumann. Colaborou como executante em v\u00e1rias bandas filarm\u00f3nicas e agrupamentos musicais como Orquestra Camerata do Barreiro, e recentemente a Orquestra de Jazz do Hot Clube de Portugal, Estela Alexandre Orquestra e Maria Fonseca Quinteto, no qual se apresentou no 77\u00ba anivers\u00e1rio do Hot Clube de Portugal. Lecionou em 2024 o Laborat\u00f3rio de Jazz na Sociedade Filarm\u00f3nica Uni\u00e3o Seixalense. Lidera o seu projeto pessoal desde Julho de 2024 (\u201cJos\u00e9 Mestre Quarteto\u201d) com foco de repert\u00f3rio jazz no clarinete\/clarinete baixo, al\u00e9m de composi\u00e7\u00f5es originais.<br><br>\n<strong>BRUNO PONTE<\/strong> nasceu na Madeira em 1995. \u00c9 guitarrista, compositor e professor. Come\u00e7ou a tocar por volta dos 17 anos. Deslocou-se para Lisboa em 2014 para ingressar no curso regular do Hot Clube de Portugal. Foi aluno representante do mesmo em v\u00e1rias encomendas de concertos e no \u00c9vora Jazz-Fest. Em 2019, ap\u00f3s um ano de prepara\u00e7\u00e3o e investimento na sua componente de pedagogo, entra na Escola Superior de M\u00fasica de Lisboa com 19 nas provas de ingresso, e ap\u00f3s 3 anos conclui a sua Licenciatura em M\u00fasica vertente Jazz. Durante este percurso acad\u00e9mico, teve aulas com v\u00e1rios nomes do Jazz portugu\u00eas, dos quais se destacam Andr\u00e9 Santos, M\u00e1rio Delgado, Filipe Melo, Bruno Santos, Pedro Moreira, Eng.\u00ba Bernardo Moreira (Binau) e Maria Jo\u00e3o Grancha. Ap\u00f3s estes anos de instru\u00e7\u00e3o fez parte de v\u00e1rios projetos, tais como &#8220;Mano a Mano&#8221;, de Andr\u00e9 e Bruno Santos, &#8220;Recorda Max&#8221; de Ant\u00f3nio Zambujo, Bruno Ponte Trio, onde toca m\u00fasicas do cancioneiro Americano numa abordagem pr\u00f3pria, &#8220;Margem&#8221;, o quinteto de Maria Carvalho de arranjos de m\u00fasicas de Z\u00e9 M\u00e1rio Branco e &#8220;Benji&#8217;s Toolbox&#8221;, um sexteto de m\u00fasica original e tem\u00e1tica, que visa a cria\u00e7\u00e3o de um personagem e a entrada num mundo multidisciplinar. Gra\u00e7as \u00e0 integra\u00e7\u00e3o e cria\u00e7\u00e3o destes projetos, p\u00f4de passar por palcos como o Teatro Baltazar Dias, Festival Summer Opening 2023 (ambos na Madeira), CAE &#8211; Centro de Artes e Espect\u00e1culos da Figueira da Foz, Teatro Garcia Resende em \u00c9vora, Teatro Olga Cadaval em Sintra, Casa d&#8217;Am\u00e1lia da RTP, Festival Santa Casa Alfama, Hot Clube de Portugal, entre outros. Para al\u00e9m disso, partilhou palco com Andr\u00e9 Santos, Andr\u00e9 Sousa Machado, Ant\u00f3nio Zambujo, Bruno Santos, Rita Redshoes, entre outros. \u00c9 ainda de mencionar a sua participa\u00e7\u00e3o como mentor e m\u00fasico em in\u00fameros eventos da Associa\u00e7\u00e3o de Jazz da Madeira, tais como o 1\u00ba JazzCamp e participa\u00e7\u00f5es na Big Band do Funchal, e a sua integra\u00e7\u00e3o na equipa de professores do Hot Clube de Portugal e da AGMT (Academia de Guitarra, M\u00fasica e Tecnologia).<br><br>\n<strong>JOS\u00c9 PEDRO JORGE<\/strong> nasceu a 23 de setembro de 2001 em Leiria, come\u00e7ou por demonstrar o seu interesse pela m\u00fasica desde cedo. Aos quinze anos descobriu o gosto pelo baixo el\u00e9trico tendo mais tarde aos dezassete anos de idade ingressado no Curso Profissional de Instrumentista de Jazz no Conservat\u00f3rio de M\u00fasica de Coimbra. Durante o curso transitou para o contrabaixo e desde ent\u00e3o \u00e9 o seu instrumento principal. Em 2021 entrou na Escola Superior de M\u00fasica de Lisboa onde tirou a Licenciatura em Contrabaixo Jazz. Ao longo do seu percurso fez parte v\u00e1rios projetos, nomeadamente a banda Black Box, no qual gravou um disco. No ano de 2023 participou num curso intensivo de Jazz em Begues, Espanha, organizado pelo ilustre Jorge Rossi. Curso no qual teve o privil\u00e9gio de frequentar masterclasses com grandes m\u00fasicos como Michael Kanan, Daryl Hall, Steve Cardenas, Bill McHenry, Song Yi Jeon, entre outros. Para al\u00e9m de Bugues tamb\u00e9m frequentou um workshop em M\u00e1laga onde estavam presentes m\u00fasicos como Greg Hutchinson, David Hazeltine, Pasquale Grasso, Luigi Grasso e Doug weiss. O \u00faltimo workshop que frequentou foi em Lisboa com Aron Parks, Greg Hutchinson e Ben Street. Em julho de 2024 teve a oportunidade de frequentar o projeto Jovem Robalo, liderado pela cantora e compositora Sara Serpa tendo feito um concerto final no audit\u00f3rio Cam\u00f5es. Atualmente mant\u00e9m o seu foco no Jazz fazendo v\u00e1rios concertos no ramo.<br><br>\n<strong>MARIA CARVALHO<\/strong> iniciou os seus estudos musicais com 10 anos no Centro Musical Dom Bosco (Escola Salesiana de Manique) tendo, mais tarde, ingressado na Escola de Jazz Lu\u00edz-Villas-Boas do Hot Club Portugal onde estudou simultaneamente bateria e piano. Licenciou-se em Jazz e M\u00fasica Moderna (especializa\u00e7\u00e3o em Bateria) e concluiu em 2023 o Mestrado em M\u00fasica na Escola Superior de M\u00fasica de Lisboa. Integrou em 2022 o ensemble da ESML, distinguido com a Men\u00e7\u00e3o Honrosa para Melhor Combo na Festa do Jazz. Integra diversos projetos, dentro e fora do jazz como Oort, Off on a Comet ou a banda da cantora Marta Lima, e lidera o seu quinteto com o projeto Margem. Passou j\u00e1 por diversos festivais por v\u00e1rios pontos do pa\u00eds como Moazz, Festival Theia, NOS Alive, OutJazz, Festival F, Jazz in Avenida, Festa do Jazz, Festival Dom Fernando Mascarenhas, Loul\u00e9 Jazz, Jazz em Tavira, BeJazz, Gr\u00e2ndola Vila Jazz ou Funchal Jazz e por palcos como Teatro Aveirense, Centro Cultural de Lagos, Audit\u00f3rio do Liceu Cam\u00f5es, Centro Cultural Malaposta, entre muitos outros.<\/p>\n\n\n\n\n\n\n<p><span style=\"font-size: x-small;\"><span style=\"\"><strong>Projeto financiado por<\/strong><\/span><\/span><\/p>\n\n\n<p><span style=\"font-size: x-small;\"><span style=\"\"><strong>Parceria<\/strong><\/span><\/span><\/p>\n\n\n<p><span style=\"font-size: x-small;\"><span style=\"\"><strong>Apoios<\/strong><\/span><\/span><\/p>\n\n\n<p><br><\/p>\n\n\n\n\n\n\n\n\n\n\n\n\n\n\n\n\n\n\n\n\n\n\n\n\n\n\n\n","protected":false},"excerpt":{"rendered":"","protected":false},"author":1,"featured_media":0,"parent":1197,"menu_order":0,"comment_status":"closed","ping_status":"closed","template":"","meta":{"pagelayer_contact_templates":[],"_pagelayer_content":"","footnotes":""},"class_list":["post-1251","page","type-page","status-publish","hentry"],"_links":{"self":[{"href":"https:\/\/antn.pt\/en\/wp-json\/wp\/v2\/pages\/1251","targetHints":{"allow":["GET"]}}],"collection":[{"href":"https:\/\/antn.pt\/en\/wp-json\/wp\/v2\/pages"}],"about":[{"href":"https:\/\/antn.pt\/en\/wp-json\/wp\/v2\/types\/page"}],"author":[{"embeddable":true,"href":"https:\/\/antn.pt\/en\/wp-json\/wp\/v2\/users\/1"}],"replies":[{"embeddable":true,"href":"https:\/\/antn.pt\/en\/wp-json\/wp\/v2\/comments?post=1251"}],"version-history":[{"count":0,"href":"https:\/\/antn.pt\/en\/wp-json\/wp\/v2\/pages\/1251\/revisions"}],"up":[{"embeddable":true,"href":"https:\/\/antn.pt\/en\/wp-json\/wp\/v2\/pages\/1197"}],"wp:attachment":[{"href":"https:\/\/antn.pt\/en\/wp-json\/wp\/v2\/media?parent=1251"}],"curies":[{"name":"wp","href":"https:\/\/api.w.org\/{rel}","templated":true}]}}

<h4>FESTIVAL THEIA</h4>
<h4><span style="font-size: large;"><p style="color:#7f747487;"><strong>3ª EDIÇÃO | 2025</strong><br></p></span></h4>





<span style="color:#000000;"><p style="text-align:left"><span style="font-size:small;">MARIA FONSECA QUINTETO<br>SEXTA, 26 DE SETEMBRO | 21H30<br>TEATRO MUNICIPAL DA LOUSÃ<br>60 MINUTOS | M/6</span></p></span>


<p style="text-align: justify; color:black;font-family: Roboto; font-size: small;"><strong>MARIA FONSECA QUINTETO</strong><strong><br><br>Maria Fonseca Quinteto</strong> afirma-se como um projeto promissor no panorama do jazz emergente em Portugal. Resultante do encontro entre cinco músicos da Escola Superior de Música de Lisboa, este quinteto é liderado pela trompetista e compositora Maria Fonseca, cuja visão artística orienta a criação de um repertório maioritariamente original, caracterizado por uma linguagem expressiva e contemporânea.
A formação integra José Mestre no clarinete e clarinete baixo, Bruno Ponte na guitarra, Zé Pedro Jorge no contrabaixo e Maria Carvalho na bateria, músicos que, em conjunto, exploram uma sonoridade marcada pela versatilidade, pela cumplicidade interpretativa e por uma abordagem sofisticada à improvisação e à composição. Enraizado na tradição do jazz, mas aberto à experimentação e à inovação, o projeto reflete o dinamismo e a vitalidade de uma nova geração de intérpretes e criadores, evidenciando o papel ativo das mulheres na liderança artística no contexto da música contemporânea.</p>

























composição e trompete&nbsp;<strong>MARIA FONSECA&nbsp;| </strong> interpretação <strong>JOSÉ MESTRE&nbsp;</strong>[clarinete e clarinete baixo], <strong>BRUNO PONTE&nbsp;</strong>[guitarra], <strong>JOSÉ PEDRO JORGE&nbsp;</strong>[contrabaixo] e&nbsp;<strong>MARIA CARVALHO&nbsp;</strong>[bateria]










<span style="font-size:small;"><span style=""><span data-pts="">Sem texto</span></span></span>
<span style="font-size:small;"><span style=""><span data-pts="">Acessível a todos</span></span></span>








<p style="text-align: justify; color:black;font-family: Roboto; font-size: 11px;"><strong>BIOGRAFIAS</strong><br> 
<strong>MARIA FONSECA</strong> tem 21 anos e toca trompete há 12 anos. Começou na Orquestra Geração e, mais tarde, entrou no Gerajazz e no Hot Club Portugal. Frequentou o curso de Ciências Socioeconómicas e, atualmente, está no terceiro ano da Licenciatura de Jazz da Escola Superior de Música de Lisboa (ESML). Já tocou na Casa da Música, Olga Cadaval, Aula Magna, Gulbenkian, CCB, Bimhuis (Amesterdão), entre outros. Já participou no Festival de Almada, Ciclo de Jazz da Amadora, Lisbon Jazz Summer School, Almost 6 (no qual foi a vencedora), Festa do Jazz (onde recebeu Menção Honrosa), Concurso de Talentos da Smooth FM (no qual foi uma das vencedoras), International Youth Jazz Camp (Japão), Kids in Jazz (Noruega), KidsCann (Estónia e Dinamarca), Side-by-Side (Suíça) e Chords of Harmony (Espanha). Participou também no Aniversário da Gulbenkian, em 2019, na Missa de Bernstein, na celebração do Dia da Mulher com o projeto “Calíope” e no 77º aniversário do HCP com o seu quinteto, onde apresentou, pela primeira vez, músicas da sua autoria. Entre setembro e dezembro de 2024 representou a ESML em Amesterdão, onde esteve em Erasmus (Conservatorium van Amsterdam). Já gravou com alguns grupos como Sogranora, Mordo Mia e André Pizarro Pepe. Atualmente, tem o seu trio, o seu quinteto e faz parte do sexteto Off on a Comet, do quarteto As Marias, do Juliana Mendonça Sexteto e do quarteto à Beira de um Ataque de Nervos.<br><br>
<strong>JOSÉ MESTRE</strong> nasceu em 1991 em Lisboa e iniciou os seus estudos na música aos 11 anos em clarinete, na Sociedade Filarmónica União Artística Piedense (Cova da Piedade – Almada), com o Professor João Veríssimo. Em 2009, ingressou na Academia de Amadores de Música de Lisboa, onde estudou clarinete com José Monteiro, tendo frequentado o 7º grau de Clarinete. Iniciou o estudo do Jazz em 2019 na Escola de Jazz Luiz Villas-Boas do Hot Clube de Portugal em clarinete, onde estudou com os professores César Cardoso e Paulo Gaspar, tendo participado em workshops/masterclasses com Jason Palmer, Mark Turner &#038; Ethan Iverson, Markus Burger e na Big Band de Alunos da Escola do HCP, concluindo o curso regular de Jazz em 2022. Também participou noutras masterclasses (“Masterclass e Improvisação e Iniciação ao Jazz” &#8211; Paulo Gaspar) de Jazz. No mesmo ano, ingressa na Licenciatura em Música &#8211; Jazz, da Escola Superior de Música de Lisboa, onde estudou com Desidério Lázaro, João Moreira, entre outros e atualmente com Pedro Moreira, onde se encontra de momento a frequentar o 3º e último ano da Licenciatura Música &#8211; variante de Jazz. Participou em masterclasses na ESML com Jorge Hélder, Guinga e Werner Neumann. Colaborou como executante em várias bandas filarmónicas e agrupamentos musicais como Orquestra Camerata do Barreiro, e recentemente a Orquestra de Jazz do Hot Clube de Portugal, Estela Alexandre Orquestra e Maria Fonseca Quinteto, no qual se apresentou no 77º aniversário do Hot Clube de Portugal. Lecionou em 2024 o Laboratório de Jazz na Sociedade Filarmónica União Seixalense. Lidera o seu projeto pessoal desde Julho de 2024 (“José Mestre Quarteto”) com foco de repertório jazz no clarinete/clarinete baixo, além de composições originais.<br><br>
<strong>BRUNO PONTE</strong> nasceu na Madeira em 1995. É guitarrista, compositor e professor. Começou a tocar por volta dos 17 anos. Deslocou-se para Lisboa em 2014 para ingressar no curso regular do Hot Clube de Portugal. Foi aluno representante do mesmo em várias encomendas de concertos e no Évora Jazz-Fest. Em 2019, após um ano de preparação e investimento na sua componente de pedagogo, entra na Escola Superior de Música de Lisboa com 19 nas provas de ingresso, e após 3 anos conclui a sua Licenciatura em Música vertente Jazz. Durante este percurso académico, teve aulas com vários nomes do Jazz português, dos quais se destacam André Santos, Mário Delgado, Filipe Melo, Bruno Santos, Pedro Moreira, Eng.º Bernardo Moreira (Binau) e Maria João Grancha. Após estes anos de instrução fez parte de vários projetos, tais como &#8220;Mano a Mano&#8221;, de André e Bruno Santos, &#8220;Recorda Max&#8221; de António Zambujo, Bruno Ponte Trio, onde toca músicas do cancioneiro Americano numa abordagem própria, &#8220;Margem&#8221;, o quinteto de Maria Carvalho de arranjos de músicas de Zé Mário Branco e &#8220;Benji&#8217;s Toolbox&#8221;, um sexteto de música original e temática, que visa a criação de um personagem e a entrada num mundo multidisciplinar. Graças à integração e criação destes projetos, pôde passar por palcos como o Teatro Baltazar Dias, Festival Summer Opening 2023 (ambos na Madeira), CAE &#8211; Centro de Artes e Espectáculos da Figueira da Foz, Teatro Garcia Resende em Évora, Teatro Olga Cadaval em Sintra, Casa d&#8217;Amália da RTP, Festival Santa Casa Alfama, Hot Clube de Portugal, entre outros. Para além disso, partilhou palco com André Santos, André Sousa Machado, António Zambujo, Bruno Santos, Rita Redshoes, entre outros. É ainda de mencionar a sua participação como mentor e músico em inúmeros eventos da Associação de Jazz da Madeira, tais como o 1º JazzCamp e participações na Big Band do Funchal, e a sua integração na equipa de professores do Hot Clube de Portugal e da AGMT (Academia de Guitarra, Música e Tecnologia).<br><br>
<strong>JOSÉ PEDRO JORGE</strong> nasceu a 23 de setembro de 2001 em Leiria, começou por demonstrar o seu interesse pela música desde cedo. Aos quinze anos descobriu o gosto pelo baixo elétrico tendo mais tarde aos dezassete anos de idade ingressado no Curso Profissional de Instrumentista de Jazz no Conservatório de Música de Coimbra. Durante o curso transitou para o contrabaixo e desde então é o seu instrumento principal. Em 2021 entrou na Escola Superior de Música de Lisboa onde tirou a Licenciatura em Contrabaixo Jazz. Ao longo do seu percurso fez parte vários projetos, nomeadamente a banda Black Box, no qual gravou um disco. No ano de 2023 participou num curso intensivo de Jazz em Begues, Espanha, organizado pelo ilustre Jorge Rossi. Curso no qual teve o privilégio de frequentar masterclasses com grandes músicos como Michael Kanan, Daryl Hall, Steve Cardenas, Bill McHenry, Song Yi Jeon, entre outros. Para além de Bugues também frequentou um workshop em Málaga onde estavam presentes músicos como Greg Hutchinson, David Hazeltine, Pasquale Grasso, Luigi Grasso e Doug weiss. O último workshop que frequentou foi em Lisboa com Aron Parks, Greg Hutchinson e Ben Street. Em julho de 2024 teve a oportunidade de frequentar o projeto Jovem Robalo, liderado pela cantora e compositora Sara Serpa tendo feito um concerto final no auditório Camões. Atualmente mantém o seu foco no Jazz fazendo vários concertos no ramo.<br><br>
<strong>MARIA CARVALHO</strong> iniciou os seus estudos musicais com 10 anos no Centro Musical Dom Bosco (Escola Salesiana de Manique) tendo, mais tarde, ingressado na Escola de Jazz Luíz-Villas-Boas do Hot Club Portugal onde estudou simultaneamente bateria e piano. Licenciou-se em Jazz e Música Moderna (especialização em Bateria) e concluiu em 2023 o Mestrado em Música na Escola Superior de Música de Lisboa. Integrou em 2022 o ensemble da ESML, distinguido com a Menção Honrosa para Melhor Combo na Festa do Jazz. Integra diversos projetos, dentro e fora do jazz como Oort, Off on a Comet ou a banda da cantora Marta Lima, e lidera o seu quinteto com o projeto Margem. Passou já por diversos festivais por vários pontos do país como Moazz, Festival Theia, NOS Alive, OutJazz, Festival F, Jazz in Avenida, Festa do Jazz, Festival Dom Fernando Mascarenhas, Loulé Jazz, Jazz em Tavira, BeJazz, Grândola Vila Jazz ou Funchal Jazz e por palcos como Teatro Aveirense, Centro Cultural de Lagos, Auditório do Liceu Camões, Centro Cultural Malaposta, entre muitos outros.</p>






<p><span style="font-size: x-small;"><span style=""><strong>Projeto financiado por</strong></span></span></p>


<p><span style="font-size: x-small;"><span style=""><strong>Parceria</strong></span></span></p>


<p><span style="font-size: x-small;"><span style=""><strong>Apoios</strong></span></span></p>


<p><br></p>
