{"id":1299,"date":"2025-07-28T13:30:54","date_gmt":"2025-07-28T13:30:54","guid":{"rendered":"https:\/\/antn.pt\/?page_id=1299"},"modified":"2025-09-24T08:49:07","modified_gmt":"2025-09-24T08:49:07","slug":"theia-de-sons","status":"publish","type":"page","link":"https:\/\/antn.pt\/en\/projetos\/festival-theia\/festival-theia-2025\/theia-de-sons\/","title":{"rendered":"Theia de Sons"},"content":{"rendered":"\n\n\n<h4>FESTIVAL THEIA<\/h4>\n<h4><span style=\"font-size: large;\"><p style=\"color:#7f747487;\"><strong>3\u00aa EDI\u00c7\u00c3O | 2025<\/strong><br><\/p><\/span><\/h4>\n\n\n\n\n\n<span style=\"color:#000000;\"><p style=\"text-align:left\"><span style=\"font-size:small;\">OFICINA THEIA DE SONS<br>S\u00c1BADO, 27 DE SETEMBRO | 11H30<br>CAFETARIA DO TEATRO MUNICIPAL DA LOUS\u00c3<br>ENTRADA LIVRE, INSCRI\u00c7\u00c3O PR\u00c9VIA, SUJEITA \u00c0 LOTA\u00c7\u00c3O<br>60 MINUTOS | M\/6<\/span><\/p><\/span>\n\n\n\n<p style=\"text-align: justify; color:black;font-family: Roboto; font-size: small;\"><strong>THEIA DE SONS<\/strong><br><br>Esta oficina interativa convida crian\u00e7as e fam\u00edlias a explorar o universo do jazz e da m\u00fasica contempor\u00e2nea de forma l\u00fadica e criativa. Atrav\u00e9s de jogos r\u00edtmicos, explora\u00e7\u00e3o sonora e improvisa\u00e7\u00e3o coletiva, os participantes v\u00e3o descobrir que os sons, tal como as palavras, podem ser usados para expressar emo\u00e7\u00f5es, fazer perguntas e dar respostas. Cada participante poder\u00e1 contribuir para uma conversa musical, explorando de forma natural a improvisa\u00e7\u00e3o e a intera\u00e7\u00e3o atrav\u00e9s da m\u00fasica. \nA atividade ser\u00e1 conduzida por uma facilitadora especializada em pedagogia musical, que guiar\u00e1 as fam\u00edlias numa viagem pela improvisa\u00e7\u00e3o musical. \n<\/p>\n<p style=\"text-align: justify; color:black;font-family: Roboto; font-size: small;\"><strong>OBJETIVOS<\/strong><br><br>\u25cf Estimular a criatividade e a express\u00e3o musical das crian\u00e7as. <br>\n\u25cf Apresentar o jazz de forma acess\u00edvel e divertida. <br>\n\u25cf Incentivar a participa\u00e7\u00e3o conjunta entre crian\u00e7as e adultos. <br>\n\u25cf Explorar conceitos b\u00e1sicos de improvisa\u00e7\u00e3o e ritmo. <\/p>\n<p style=\"text-align: justify; color:black;font-family: Roboto; font-size: small;\"><strong>RECURSOS NECESS\u00c1RIOS [a trazer pelos participantes]<\/strong><br><br>\n\u25cf Pequenos instrumentos de percuss\u00e3o (pandeiretas, maracas, djamb\u00e9s, tambores, paus de chuva, shakers, etc.). <br>\n\u25cf Roupa confort\u00e1vel<\/p>\n<p style=\"text-align: justify; color:black;font-family: Roboto; font-size: small;\"><strong>N\u00famero m\u00ednimo de participantes: 8 crian\u00e7as com respetivos acompanhantes<\/strong><\/p>\n\n\n\n\n\n\n\n\nmonitora&nbsp;<strong>BEATRIZ NUNES<\/strong>\n\n\n\n\n\n\n\n\n\n\n<span style=\"font-size:small;\"><span style=\"\"><span data-pts=\"\">Com texto<\/span><\/span><\/span>\n<span style=\"font-size:small;\"><span style=\"\"><span data-pts=\"\">Acess\u00edvel a todos<\/span><\/span><\/span>\n\n\n\n\n\n\n\n\n<p style=\"text-align: justify; color:black;font-family: Roboto; font-size: 11px;\"><strong>BIOGRAFIAS<\/strong><br> \n<strong>BEATRIZ NUNES<\/strong> \u00e9 vocalista, compositora e investigadora. Licenciou-se em Jazz pela Escola Superior de M\u00fasica de Lisboa, onde tamb\u00e9m realizou o mestrado em Ensino de M\u00fasica. Atualmente, est\u00e1 a desenvolver um doutoramento em Etnomusicologia na FCSH da Universidade Nova de Lisboa. A sua investiga\u00e7\u00e3o centra-se nos estudos sobre jazz e g\u00e9nero, destacando as suas publica\u00e7\u00f5es na Routledge Companion to Jazz and Gender, Jazz Research Journal e Journal of Jazz Studies. Paralelamente \u00e0 carreira acad\u00e9mica, Beatriz mant\u00e9m-se ativa na cena musical portuguesa, atuando internacionalmente e colaborando em diversos projetos art\u00edsticos.<\/p>\n\n\n\n\n\n\n<p><span style=\"font-size: x-small;\"><span style=\"\"><strong>Projeto financiado por<\/strong><\/span><\/span><\/p>\n\n\n<p><span style=\"font-size: x-small;\"><span style=\"\"><strong>Parceria<\/strong><\/span><\/span><\/p>\n\n\n<p><span style=\"font-size: x-small;\"><span style=\"\"><strong>Apoios<\/strong><\/span><\/span><\/p>\n\n\n<p><br><\/p>\n\n\n\n\n\n\n\n\n\n\n\n\n\n\n\n\n\n\n\n\n\n\n\n\n\n\n\n\n\n\n\n\n\n\n\n","protected":false},"excerpt":{"rendered":"","protected":false},"author":1,"featured_media":0,"parent":1197,"menu_order":0,"comment_status":"closed","ping_status":"closed","template":"","meta":{"pagelayer_contact_templates":[],"_pagelayer_content":"","footnotes":""},"class_list":["post-1299","page","type-page","status-publish","hentry"],"_links":{"self":[{"href":"https:\/\/antn.pt\/en\/wp-json\/wp\/v2\/pages\/1299","targetHints":{"allow":["GET"]}}],"collection":[{"href":"https:\/\/antn.pt\/en\/wp-json\/wp\/v2\/pages"}],"about":[{"href":"https:\/\/antn.pt\/en\/wp-json\/wp\/v2\/types\/page"}],"author":[{"embeddable":true,"href":"https:\/\/antn.pt\/en\/wp-json\/wp\/v2\/users\/1"}],"replies":[{"embeddable":true,"href":"https:\/\/antn.pt\/en\/wp-json\/wp\/v2\/comments?post=1299"}],"version-history":[{"count":0,"href":"https:\/\/antn.pt\/en\/wp-json\/wp\/v2\/pages\/1299\/revisions"}],"up":[{"embeddable":true,"href":"https:\/\/antn.pt\/en\/wp-json\/wp\/v2\/pages\/1197"}],"wp:attachment":[{"href":"https:\/\/antn.pt\/en\/wp-json\/wp\/v2\/media?parent=1299"}],"curies":[{"name":"wp","href":"https:\/\/api.w.org\/{rel}","templated":true}]}}

<h4>FESTIVAL THEIA</h4>
<h4><span style="font-size: large;"><p style="color:#7f747487;"><strong>3ª EDIÇÃO | 2025</strong><br></p></span></h4>





<span style="color:#000000;"><p style="text-align:left"><span style="font-size:small;">OFICINA THEIA DE SONS<br>SÁBADO, 27 DE SETEMBRO | 11H30<br>CAFETARIA DO TEATRO MUNICIPAL DA LOUSÃ<br>ENTRADA LIVRE, INSCRIÇÃO PRÉVIA, SUJEITA À LOTAÇÃO<br>60 MINUTOS | M/6</span></p></span>



<p style="text-align: justify; color:black;font-family: Roboto; font-size: small;"><strong>THEIA DE SONS</strong><br><br>Esta oficina interativa convida crianças e famílias a explorar o universo do jazz e da música contemporânea de forma lúdica e criativa. Através de jogos rítmicos, exploração sonora e improvisação coletiva, os participantes vão descobrir que os sons, tal como as palavras, podem ser usados para expressar emoções, fazer perguntas e dar respostas. Cada participante poderá contribuir para uma conversa musical, explorando de forma natural a improvisação e a interação através da música. 
A atividade será conduzida por uma facilitadora especializada em pedagogia musical, que guiará as famílias numa viagem pela improvisação musical. 
</p>
<p style="text-align: justify; color:black;font-family: Roboto; font-size: small;"><strong>OBJETIVOS</strong><br><br>● Estimular a criatividade e a expressão musical das crianças. <br>
● Apresentar o jazz de forma acessível e divertida. <br>
● Incentivar a participação conjunta entre crianças e adultos. <br>
● Explorar conceitos básicos de improvisação e ritmo. </p>
<p style="text-align: justify; color:black;font-family: Roboto; font-size: small;"><strong>RECURSOS NECESSÁRIOS [a trazer pelos participantes]</strong><br><br>
● Pequenos instrumentos de percussão (pandeiretas, maracas, djambés, tambores, paus de chuva, shakers, etc.). <br>
● Roupa confortável</p>
<p style="text-align: justify; color:black;font-family: Roboto; font-size: small;"><strong>Número mínimo de participantes: 8 crianças com respetivos acompanhantes</strong></p>








monitora&nbsp;<strong>BEATRIZ NUNES</strong>










<span style="font-size:small;"><span style=""><span data-pts="">Com texto</span></span></span>
<span style="font-size:small;"><span style=""><span data-pts="">Acessível a todos</span></span></span>








<p style="text-align: justify; color:black;font-family: Roboto; font-size: 11px;"><strong>BIOGRAFIAS</strong><br> 
<strong>BEATRIZ NUNES</strong> é vocalista, compositora e investigadora. Licenciou-se em Jazz pela Escola Superior de Música de Lisboa, onde também realizou o mestrado em Ensino de Música. Atualmente, está a desenvolver um doutoramento em Etnomusicologia na FCSH da Universidade Nova de Lisboa. A sua investigação centra-se nos estudos sobre jazz e género, destacando as suas publicações na Routledge Companion to Jazz and Gender, Jazz Research Journal e Journal of Jazz Studies. Paralelamente à carreira académica, Beatriz mantém-se ativa na cena musical portuguesa, atuando internacionalmente e colaborando em diversos projetos artísticos.</p>






<p><span style="font-size: x-small;"><span style=""><strong>Projeto financiado por</strong></span></span></p>


<p><span style="font-size: x-small;"><span style=""><strong>Parceria</strong></span></span></p>


<p><span style="font-size: x-small;"><span style=""><strong>Apoios</strong></span></span></p>


<p><br></p>
