{"id":1313,"date":"2025-07-28T14:14:00","date_gmt":"2025-07-28T14:14:00","guid":{"rendered":"https:\/\/antn.pt\/?page_id=1313"},"modified":"2025-09-24T08:47:43","modified_gmt":"2025-09-24T08:47:43","slug":"maria-joao-e-carlos-bica-quarteto","status":"publish","type":"page","link":"https:\/\/antn.pt\/en\/projetos\/festival-theia\/festival-theia-2025\/maria-joao-e-carlos-bica-quarteto\/","title":{"rendered":"Maria Jo\u00e3o e Carlos Bica quarteto"},"content":{"rendered":"<h4>THEIA Festival<\/h4>\n<h4><span style=\"font-size: large;\"><p style=\"color:#7f747487;\"><strong>3\u00aa EDI\u00c7\u00c3O | 2025<\/strong><br><\/p><\/span><\/h4>\n\n\n\n\n\n<span style=\"color:#000000;\"><p style=\"text-align:left\"><span style=\"font-size:small;\">MARIA JO\u00c3O &amp; CARLOS BICA QUARTETO<br>S\u00c1BADO, 27 DE SETEMBRO | 21H30<br>TEATRO MUNICIPAL DA LOUS\u00c3<br>75 MINUTOS | M\/6<\/span><\/p><\/span>\n\n\n<p style=\"text-align: justify; color:black;font-family: Roboto; font-size: small;\"><strong>MARIA JO\u00c3O &amp; CARLOS BICA QUARTETO<\/strong><strong><br><br>Maria Jo\u00e3o<\/strong> e <strong>Carlos Bica<\/strong> s\u00e3o dois artistas incontorn\u00e1veis do jazz portugu\u00eas. A colabora\u00e7\u00e3o entre estas duas refer\u00eancias do jazz portugu\u00eas remonta aos anos 80 e ficou registada nos \u00e1lbuns &#8220;Conversa&#8221; (1986) e &#8220;Sol&#8221; (1991). Ap\u00f3s 10 anos a tocarem juntos e muitos concertos por todo o mundo, os seus caminhos separaram-se. Agora, 25 anos depois, voltam a juntar-se com a cumplicidade de Gon\u00e7alo Neto (guitarra) e Jo\u00e3o Farinha (piano e teclas), dois dos mais talentosos m\u00fasicos de uma nova gera\u00e7\u00e3o de m\u00fasicos portugueses, para partilhar as can\u00e7\u00f5es do mundo em palco.<br>\n<strong>Maria Jo\u00e3o<\/strong>, cantora com um estilo pr\u00f3prio, tornou-se uma refer\u00eancia no dom\u00ednio da m\u00fasica improvisada. Uma capacidade vocal not\u00e1vel e uma intensidade interpretativa singular valeram-lhe n\u00e3o s\u00f3 o reconhecimento internacional como tamb\u00e9m um lugar na galeria das melhores cantoras da atualidade. Un\u00e2nimes no aplauso, cr\u00edtica e p\u00fablico t\u00eam-na apelidado de &#8220;uma voz levada \u00e0s \u00faltimas consequ\u00eancias&#8221;, declarando-a &#8220;uma cantora que n\u00e3o p\u00e1ra de evoluir&#8221;. \nA carreira de Maria Jo\u00e3o tem sido marcada pela sua participa\u00e7\u00e3o nos mais prestigiados festivais de m\u00fasica do mundo. \u00c9 tamb\u00e9m a \u00fanica artista portuguesa a ser nomeada para o Pr\u00e9mio Europeu de Jazz.<br>\n<strong>Carlos Bica<\/strong> \u00e9 um dos poucos m\u00fasicos portugueses que alcan\u00e7ou proje\u00e7\u00e3o internacional e se tornou uma refer\u00eancia no panorama do Jazz europeu. Entre os v\u00e1rios projetos musicais que lidera e para al\u00e9m das suas participa\u00e7\u00f5es noutras \u00e1reas como o teatro, o cinema e a dan\u00e7a, o seu trio AZUL, com o guitarrista Frank M\u00f6bus e o baterista Jim Black, tornou-se a imagem de marca do contrabaixista e compositor.<\/p>\n\n\n\n\n\n\n\n\n\n\n\n\n\n\n\n\n\n\n\n\n\n\n\n\n\nvoz&nbsp;<strong>MARIA JO\u00c3O <\/strong>| contrabaixo <strong>CARLOS BICA <\/strong>| piano e teclas<strong> JO\u00c3O FARINHA<\/strong> | guitarra<strong> GON\u00c7ALO NETO<\/strong>\n\n\n\n\n\n\n\n\n\n\n<span style=\"font-size:small;\"><span style=\"\"><span data-pts=\"\">Sem texto<\/span><\/span><\/span>\n<span style=\"font-size:small;\"><span style=\"\"><span data-pts=\"\">Acess\u00edvel a todos<\/span><\/span><\/span>\n\n\n\n\n\n\n\n\n\n\n<p><span style=\"font-size: x-small;\"><span style=\"\"><strong>Projeto financiado por<\/strong><\/span><\/span><\/p>\n\n\n<p><span style=\"font-size: x-small;\"><span style=\"\"><strong>Parceria<\/strong><\/span><\/span><\/p>\n\n\n<p><span style=\"font-size: x-small;\"><span style=\"\"><strong>Apoios<\/strong><\/span><\/span><\/p>\n\n\n<p><br><\/p>","protected":false},"excerpt":{"rendered":"","protected":false},"author":1,"featured_media":0,"parent":1197,"menu_order":0,"comment_status":"closed","ping_status":"closed","template":"","meta":{"pagelayer_contact_templates":[],"_pagelayer_content":"","footnotes":""},"class_list":["post-1313","page","type-page","status-publish","hentry"],"_links":{"self":[{"href":"https:\/\/antn.pt\/en\/wp-json\/wp\/v2\/pages\/1313","targetHints":{"allow":["GET"]}}],"collection":[{"href":"https:\/\/antn.pt\/en\/wp-json\/wp\/v2\/pages"}],"about":[{"href":"https:\/\/antn.pt\/en\/wp-json\/wp\/v2\/types\/page"}],"author":[{"embeddable":true,"href":"https:\/\/antn.pt\/en\/wp-json\/wp\/v2\/users\/1"}],"replies":[{"embeddable":true,"href":"https:\/\/antn.pt\/en\/wp-json\/wp\/v2\/comments?post=1313"}],"version-history":[{"count":0,"href":"https:\/\/antn.pt\/en\/wp-json\/wp\/v2\/pages\/1313\/revisions"}],"up":[{"embeddable":true,"href":"https:\/\/antn.pt\/en\/wp-json\/wp\/v2\/pages\/1197"}],"wp:attachment":[{"href":"https:\/\/antn.pt\/en\/wp-json\/wp\/v2\/media?parent=1313"}],"curies":[{"name":"wp","href":"https:\/\/api.w.org\/{rel}","templated":true}]}}

Maria João e Carlos Bica quarteto

<h4>THEIA Festival</h4>
<h4><span style="font-size: large;"><p style="color:#7f747487;"><strong>3ª EDIÇÃO | 2025</strong><br></p></span></h4>





<span style="color:#000000;"><p style="text-align:left"><span style="font-size:small;">MARIA JOÃO &amp; CARLOS BICA QUARTETO<br>SÁBADO, 27 DE SETEMBRO | 21H30<br>TEATRO MUNICIPAL DA LOUSÃ<br>75 MINUTOS | M/6</span></p></span>


<p style="text-align: justify; color:black;font-family: Roboto; font-size: small;"><strong>MARIA JOÃO &amp; CARLOS BICA QUARTETO</strong><strong><br><br>Maria João</strong> e <strong>Carlos Bica</strong> são dois artistas incontornáveis do jazz português. A colaboração entre estas duas referências do jazz português remonta aos anos 80 e ficou registada nos álbuns &#8220;Conversa&#8221; (1986) e &#8220;Sol&#8221; (1991). Após 10 anos a tocarem juntos e muitos concertos por todo o mundo, os seus caminhos separaram-se. Agora, 25 anos depois, voltam a juntar-se com a cumplicidade de Gonçalo Neto (guitarra) e João Farinha (piano e teclas), dois dos mais talentosos músicos de uma nova geração de músicos portugueses, para partilhar as canções do mundo em palco.<br>
<strong>Maria João</strong>, cantora com um estilo próprio, tornou-se uma referência no domínio da música improvisada. Uma capacidade vocal notável e uma intensidade interpretativa singular valeram-lhe não só o reconhecimento internacional como também um lugar na galeria das melhores cantoras da atualidade. Unânimes no aplauso, crítica e público têm-na apelidado de &#8220;uma voz levada às últimas consequências&#8221;, declarando-a &#8220;uma cantora que não pára de evoluir&#8221;. 
A carreira de Maria João tem sido marcada pela sua participação nos mais prestigiados festivais de música do mundo. É também a única artista portuguesa a ser nomeada para o Prémio Europeu de Jazz.<br>
<strong>Carlos Bica</strong> é um dos poucos músicos portugueses que alcançou projeção internacional e se tornou uma referência no panorama do Jazz europeu. Entre os vários projetos musicais que lidera e para além das suas participações noutras áreas como o teatro, o cinema e a dança, o seu trio AZUL, com o guitarrista Frank Möbus e o baterista Jim Black, tornou-se a imagem de marca do contrabaixista e compositor.</p>

























voz&nbsp;<strong>MARIA JOÃO </strong>| contrabaixo <strong>CARLOS BICA </strong>| piano e teclas<strong> JOÃO FARINHA</strong> | guitarra<strong> GONÇALO NETO</strong>










<span style="font-size:small;"><span style=""><span data-pts="">Sem texto</span></span></span>
<span style="font-size:small;"><span style=""><span data-pts="">Acessível a todos</span></span></span>










<p><span style="font-size: x-small;"><span style=""><strong>Projeto financiado por</strong></span></span></p>


<p><span style="font-size: x-small;"><span style=""><strong>Parceria</strong></span></span></p>


<p><span style="font-size: x-small;"><span style=""><strong>Apoios</strong></span></span></p>


<p><br></p>
