{"id":23,"date":"2023-08-17T13:29:38","date_gmt":"2023-08-17T13:29:38","guid":{"rendered":"http:\/\/antn.pt\/?page_id=23"},"modified":"2026-02-16T11:01:06","modified_gmt":"2026-02-16T11:01:06","slug":"inicio","status":"publish","type":"page","link":"https:\/\/antn.pt\/en\/","title":{"rendered":"Home"},"content":{"rendered":"\n\n\n<p style=\"font-family:Roboto; font-size:x-large;\"><strong>PROJETOS<\/strong><\/p>\n\n\n\n\n<p style=\"font-size:small; font-family:Roboto; color:white;\">FESTIVAL LA-1<br><br>dire\u00e7\u00e3o art\u00edstica e programa\u00e7\u00e3o<br>\nJOANA FERREIRA<br>MANUELA JORGE\n<br><br>PROGRAMA\u00c7\u00c3O 2026\n\n\n<p style=\"font-size:small; font-family:Roboto; color:white;\">CORPO N\u00d3MADA<br><br>cria\u00e7\u00e3o coletiva e interpreta\u00e7\u00e3o<br>\nJO\u00c3O PAULO SANTOS | JOANA NICIOLI<br>BERTRAND GROISARD | FILIPE RAPOSO<br>RITA MARIA<br> <br>CRIA\u00c7\u00c3O 2026<\/p>\n\n\n<p style=\"font-size:small; font-family:Roboto; color:white;\">OUTRAS LINHAS<br><br>coordena\u00e7\u00e3o e programa\u00e7\u00e3o<br>\nJOANA FERREIRA<br>MANUELA JORGE<br><br>PROGRAMA\u00c7\u00c3O 2026<\/p>\n\n\n<p style=\"font-size:small; font-family:Roboto; color:white;\">PHAROL 54<br><br>cria\u00e7\u00e3o<br>\nTHORSTEN GR\u00dcTJEN<br><br>CRIA\u00c7\u00c3O 2026<br>colabora\u00e7\u00f5es nacionais<\/p>\n\n\n\n\n\n\n\n\n\n\n\n\n\n\n\nTrilogia das Cores <br>composi\u00e7\u00e3o e piano FILIPE RAPOSO<br>CRIA\u00c7\u00c3O 2025 | CIRCULA\u00c7\u00c3O\n\n\n<strong>WHEN BAROQUE MEETS JAZZ VOL.1<\/strong><br>produ\u00e7\u00e3o musical FILIPE RAPOSO | RITA MARIA<br>\nCIRCULA\u00c7\u00c3O\n\n\n3\u00aa EDI\u00c7\u00c3O | curadoria RITA MARIA<br>\nPROGRAMA\u00c7\u00c3O 2025\n\n\n<strong>BETWEEN SACRED AND PROFANE VOL.2<\/strong><br>produ\u00e7\u00e3o musical FILIPE RAPOSO | RITA MARIA<br>\nCRIA\u00c7\u00c3O 2023 | CIRCULA\u00c7\u00c3O\n\n\npiano e composi\u00e7\u00e3o FILIPE RAPOSO<br>\nCIRCULA\u00c7\u00c3O\n\n\n\n\num projeto S\u00c9RGIO MARQUES<br>CIRCULA\u00c7\u00c3O | colabora\u00e7\u00f5es nacionais\n\n\ncria\u00e7\u00e3o 2026 | CIRKVOST<br>\nCIRCULA\u00c7\u00c3O | colabora\u00e7\u00f5es internacionais\n\n\ncria\u00e7\u00e3o GROUPE ZUR<br>CIRCULA\u00c7\u00c3O | colabora\u00e7\u00f5es internacionais\n\n\nprojeto de ANT\u00d3NIO JORGE GON\u00c7ALVES | FILIPE RAPOSO<br>\nCIRCULA\u00c7\u00c3O | colabora\u00e7\u00f5es nacionais\n\n\nescrita e interpreta\u00e7\u00e3o JO\u00c3O PAULO SANTOS<br>CIRCULA\u00c7\u00c3O | colabora\u00e7\u00f5es internacionais\n\n\n\n\ncria\u00e7\u00e3o TEATRO S\u00d3<br>CIRCULA\u00c7\u00c3O | colabora\u00e7\u00f5es nacionais\n\n\ncria\u00e7\u00e3o ANT\u00d3NIO JORGE GON\u00c7ALVES | FL\u00c1VIO ALMADA\n<br>colabora\u00e7\u00f5es nacionais\n\n\nTrilogia das Cores<br>composi\u00e7\u00e3o e piano FILIPE RAPOSO<br>CIRCULA\u00c7\u00c3O\n\n\ncom FILIPE RAPOSO<br>\nCIRCULA\u00c7\u00c3O\n\n\nTrilogia das Cores<br>composi\u00e7\u00e3o e piano FILIPE RAPOSO<br>CIRCULA\u00c7\u00c3O\n\n\n\n\n<p><span style=\"font-family:Roboto;\"><span style=\"font-size:x-large;\"><strong>AGENDA <span style=\"font-size: small;\">[pr\u00f3ximas datas]<\/span><\/strong><\/span><\/span><br><\/p>\n\n\n\n\n<p style=\"font-family:Roboto; color:#ffffff; font-size:13px; margin:0 0 12px 0;\"><strong>\n  FESTIVAL LA-1<\/strong><\/p>\n<p style=\"font-family:Roboto; color:#ffffff; font-size:12px; margin:0;\"><strong>\n  1\u00aa EDI\u00c7\u00c3O<\/strong><\/p>\n\n\n<span style=\"font-size:small;\"><strong>20 a 22 FEV 26&nbsp;<\/strong>| PARQUE DE FEIRAS E EXPOSI\u00c7\u00d5ES, CINE GRANDOLENSE, Gr\u00e2ndola<\/span><span style=\"font-size:small;\"><strong><br><\/strong><\/span>\n\n\n\n\n<p style=\"font-family:Roboto; color:#ffffff; font-size:13px; margin:0 0 12px 0;\"><strong>\n  CORPO N\u00d3MADA\n<\/strong><\/p>\n<p style=\"font-family:Roboto; color:#ffffff; font-size:12px; margin:0;\">\n  <strong>CRIA\u00c7\u00c3O<\/strong>\n<\/p>\n\n\n<span style=\"font-size:small;\"><strong>27 FEV a 01 MAR 26&nbsp;<\/strong>| SALA LU\u00cdS MIGUEL CINTRA, S\u00e3o Luiz Teatro Municipal, Lisboa<\/span><span style=\"font-size:small;\"><strong><br><\/strong><\/span>\n\n\n\n\n\n","protected":false},"excerpt":{"rendered":"","protected":false},"author":1,"featured_media":0,"parent":0,"menu_order":0,"comment_status":"closed","ping_status":"closed","template":"","meta":{"pagelayer_contact_templates":[],"_pagelayer_content":"","footnotes":""},"class_list":["post-23","page","type-page","status-publish","hentry"],"_links":{"self":[{"href":"https:\/\/antn.pt\/en\/wp-json\/wp\/v2\/pages\/23","targetHints":{"allow":["GET"]}}],"collection":[{"href":"https:\/\/antn.pt\/en\/wp-json\/wp\/v2\/pages"}],"about":[{"href":"https:\/\/antn.pt\/en\/wp-json\/wp\/v2\/types\/page"}],"author":[{"embeddable":true,"href":"https:\/\/antn.pt\/en\/wp-json\/wp\/v2\/users\/1"}],"replies":[{"embeddable":true,"href":"https:\/\/antn.pt\/en\/wp-json\/wp\/v2\/comments?post=23"}],"version-history":[{"count":103,"href":"https:\/\/antn.pt\/en\/wp-json\/wp\/v2\/pages\/23\/revisions"}],"predecessor-version":[{"id":1958,"href":"https:\/\/antn.pt\/en\/wp-json\/wp\/v2\/pages\/23\/revisions\/1958"}],"wp:attachment":[{"href":"https:\/\/antn.pt\/en\/wp-json\/wp\/v2\/media?parent=23"}],"curies":[{"name":"wp","href":"https:\/\/api.w.org\/{rel}","templated":true}]}}

<p style="font-family:Roboto; font-size:x-large;"><strong>PROJETOS</strong></p>




<p style="font-size:small; font-family:Roboto; color:white;">FESTIVAL LA-1<br><br>direção artística e programação<br>
JOANA FERREIRA<br>MANUELA JORGE
<br><br>PROGRAMAÇÃO 2026


<p style="font-size:small; font-family:Roboto; color:white;">CORPO NÓMADA<br><br>criação coletiva e interpretação<br>
JOÃO PAULO SANTOS | JOANA NICIOLI<br>BERTRAND GROISARD | FILIPE RAPOSO<br>RITA MARIA<br> <br>CRIAÇÃO 2026</p>


<p style="font-size:small; font-family:Roboto; color:white;">OUTRAS LINHAS<br><br>coordenação e programação<br>
JOANA FERREIRA<br>MANUELA JORGE<br><br>PROGRAMAÇÃO 2026</p>


<p style="font-size:small; font-family:Roboto; color:white;">PHAROL 54<br><br>criação<br>
THORSTEN GRÜTJEN<br><br>CRIAÇÃO 2026<br>colaborações nacionais</p>















Trilogia das Cores <br>composição e piano FILIPE RAPOSO<br>CRIAÇÃO 2025 | CIRCULAÇÃO


<strong>WHEN BAROQUE MEETS JAZZ VOL.1</strong><br>produção musical FILIPE RAPOSO | RITA MARIA<br>
CIRCULAÇÃO


3ª EDIÇÃO | curadoria RITA MARIA<br>
PROGRAMAÇÃO 2025


<strong>BETWEEN SACRED AND PROFANE VOL.2</strong><br>produção musical FILIPE RAPOSO | RITA MARIA<br>
CRIAÇÃO 2023 | CIRCULAÇÃO


piano e composição FILIPE RAPOSO<br>
CIRCULAÇÃO




um projeto SÉRGIO MARQUES<br>CIRCULAÇÃO | colaborações nacionais


criação 2026 | CIRKVOST<br>
CIRCULAÇÃO | colaborações internacionais


criação GROUPE ZUR<br>CIRCULAÇÃO | colaborações internacionais


projeto de ANTÓNIO JORGE GONÇALVES | FILIPE RAPOSO<br>
CIRCULAÇÃO | colaborações nacionais


escrita e interpretação JOÃO PAULO SANTOS<br>CIRCULAÇÃO | colaborações internacionais




criação TEATRO SÓ<br>CIRCULAÇÃO | colaborações nacionais


criação ANTÓNIO JORGE GONÇALVES | FLÁVIO ALMADA
<br>colaborações nacionais


Trilogia das Cores<br>composição e piano FILIPE RAPOSO<br>CIRCULAÇÃO


com FILIPE RAPOSO<br>
CIRCULAÇÃO


Trilogia das Cores<br>composição e piano FILIPE RAPOSO<br>CIRCULAÇÃO




<p><span style="font-family:Roboto;"><span style="font-size:x-large;"><strong>AGENDA <span style="font-size: small;">[próximas datas]</span></strong></span></span><br></p>




<p style="font-family:Roboto; color:#ffffff; font-size:13px; margin:0 0 12px 0;"><strong>
  FESTIVAL LA-1</strong></p>
<p style="font-family:Roboto; color:#ffffff; font-size:12px; margin:0;"><strong>
  1ª EDIÇÃO</strong></p>


<span style="font-size:small;"><strong>20 a 22 FEV 26&nbsp;</strong>| PARQUE DE FEIRAS E EXPOSIÇÕES, CINE GRANDOLENSE, Grândola</span><span style="font-size:small;"><strong><br></strong></span>




<p style="font-family:Roboto; color:#ffffff; font-size:13px; margin:0 0 12px 0;"><strong>
  CORPO NÓMADA
</strong></p>
<p style="font-family:Roboto; color:#ffffff; font-size:12px; margin:0;">
  <strong>CRIAÇÃO</strong>
</p>


<span style="font-size:small;"><strong>27 FEV a 01 MAR 26&nbsp;</strong>| SALA LUÍS MIGUEL CINTRA, São Luiz Teatro Municipal, Lisboa</span><span style="font-size:small;"><strong><br></strong></span>
