{"id":334,"date":"2025-12-11T18:27:44","date_gmt":"2025-12-11T18:27:44","guid":{"rendered":"https:\/\/antn.pt\/?page_id=334"},"modified":"2026-02-10T23:55:24","modified_gmt":"2026-02-10T23:55:24","slug":"cineconcertos-ao-piano","status":"publish","type":"page","link":"https:\/\/antn.pt\/en\/em-circulacao\/cineconcertos-ao-piano\/","title":{"rendered":"Piano cine-concerts"},"content":{"rendered":"<h4>CINECONCERTOs AO PIANO<br><\/h4>\n<h4><span style=\"font-size: large;\"><p style=\"color:#7f747487;\"><strong>com filipe raposo<\/strong><br><\/p><\/span><\/h4>\n\n\n\n\n\n\n\n\n\n<p style=\"text-align: justify; color: white; font-family: Roboto; font-size: small;\">Para tentar promover a sua legitima\u00e7\u00e3o, o cinema, associou-se a outras \u00e1reas art\u00edsticas, como a literatura e a pintura, mas teve como principal aliado a m\u00fasica. O cinema mudo raramente foi silencioso, pois era comum que os visionamentos fossem feitos com acompanhamento de m\u00fasica ao vivo nos seus mais diversos formatos.<br>\nNos <strong>PIANO CINE-CONCERTS<\/strong>, voltamos a assistir aos filmes como foram projetados e acompanhados ao piano no in\u00edcio da hist\u00f3ria do cinema, uma experi\u00eancia imperd\u00edvel.<br><br>\nDesde 2004 que <strong>Filipe Raposo<\/strong> colabora com a Cinemateca Portuguesa como pianista residente no acompanhamento de filmes mudos, tendo j\u00e1 acompanhado ao piano mais de 150 filmes da \u00e9poca do cinema mudo, criando verdadeiras bandas sonoras que se tornam intr\u00ednsecas aos objetos f\u00edlmicos.\n<br><br>As sess\u00f5es poder\u00e1 ser realizada tanto em interior como no exterior. <br><br>\ncomposition and piano <strong>Filipe Raposo<\/strong><\/p>\n\n\n\n\n\n\n\n<strong>CINECONCERTOS DIRIGIDO AO P\u00daBLICO EM GERAL E FAMILIAR<\/strong>\n\n\n\n\n\n\n\n\n\n\n\n\n\n\n\n<span style=\"font-family:Roboto;\"><strong>CALENDAR<\/strong><\/span>\n<p><span style=\"font-family:Roboto;\"><span style=\"font-size:small;\"><strong>2025<\/strong><\/span><\/span><br><\/p>\n\n\n\n\n<span style=\"font-family:Roboto;\"><p style=\"color:white;\"><span style=\"font-size:small;\">METR\u00d3POLIS<br>Fritz Lang<\/span><span style=\"background-color:#000000;\"><br><\/span><\/p><\/span><\/span>\n\n\n<span style=\"font-family:Roboto;\"><span style=\"font-size:small;\"><strong>13 DEZ 25<\/strong> | TEATRO MICAELENSE<\/span><span style=\"font-size:small;\">, A\u00e7ores<\/span><\/span><strong><span style=\"font-size:small;\"><br><\/span><\/strong>\n\n\n\n\n<p><span style=\"font-family:Roboto;\"><span style=\"font-size:small;\"><strong>2024<\/strong><\/span><\/span><br><\/p>\n\n\n\n\n<span style=\"font-family: Roboto;\"><p style=\"color:white;\"><span style=\"font-size: small;\">O \u00daLTIMO DOS HOMENS<br>F.W.Murnau<\/span><span style=\"background-color:#000000;\"><span style=\"background-color:#000000;\"><\/span><\/span><\/p><\/span>\n\n\n<span style=\"font-size:small;\"><strong>23 NOV<\/strong> | CASA DAS ARTES, Porto<\/span><strong><span style=\"font-size:small;\"><br><\/span><\/strong>\n\n\n\n\n<span style=\"font-family: Roboto;\"><p style=\"color:white;\"><span style=\"font-size: small;\">A PAIX\u00c3O DE JOANA D&#8217;ARC<br>Carl Theodor Dreyer<\/span><span style=\"background-color:#000000;\"><span style=\"background-color:#000000;\"><\/span><\/span><\/p><\/span>\n\n\n<span style=\"font-size:small;\"><strong>25 OUT<\/strong> | CAPELA DA IMACULADA CONCEI\u00c7\u00c3O<\/span><strong><span style=\"font-size:small;\">, <\/span><\/strong><span style=\"font-size:small;\">Braga<\/span><strong><span style=\"font-size:small;\"><br><\/span><\/strong>\n\n\n\n\n<p><span style=\"font-family:Roboto;\"><span style=\"font-size:small;\"><strong>2023<\/strong><\/span><\/span><br><\/p>\n\n\n\n\n<span style=\"font-family:Roboto;\"><p style=\"color:white;\"><span style=\"font-size:small;\">A M\u00c1SCARA DE FERRO<br>Allan Dwan<\/span><span style=\"background-color:#000000;\"><br><\/span><\/p><\/span><\/span>\n\n\n<span style=\"font-size:small;\"><strong>09 DEZ<\/strong> | FESTIVAL DE JAZZ BERNARDO SASSETTI<\/span><span style=\"font-size:small;\"> | CASA DAS ARTES, Porto<\/span><strong><span style=\"font-size:small;\"><br><\/span><\/strong>\n\n\n\n\n<span style=\"font-family: Roboto;\"><p style=\"color:white;\"><span style=\"font-size: small;\">STEAMBOAT BILL, JR<br>Buster Keaton | Charles Reisner<br><\/span><span style=\"background-color:#000000;\"><span style=\"background-color:#000000;\"><\/span><\/span><\/p><\/span>\n\n\n<span style=\"font-size:small;\"><strong>26 NOV<\/strong> | F\u00d3RUM CULTURAL, Seixal<\/span><strong><span style=\"font-size:small;\"><br><\/span><\/strong><strong><span style=\"font-size:small;\"><\/span><\/strong>\n\n\n\n\n<span style=\"font-family: Roboto;\"><p style=\"color:white;\"><span style=\"font-size: small;\">STEAMBOAT BILL, JR<br>Buster Keaton | Charles Reisner<br><\/span><span style=\"background-color:#000000;\"><span style=\"background-color:#000000;\"><\/span><\/span><\/p><\/span>\n\n\n<span style=\"font-size:small;\"><strong>10 JUN<\/strong> | <\/span><span style=\"font-size:small;\">CENTRO CULTURAL RAIANO, Idanha-a-Nova<\/span><strong><span style=\"font-size:small;\"><br><\/span><\/strong>","protected":false},"excerpt":{"rendered":"","protected":false},"author":1,"featured_media":0,"parent":329,"menu_order":0,"comment_status":"closed","ping_status":"closed","template":"","meta":{"pagelayer_contact_templates":[],"_pagelayer_content":"","footnotes":""},"class_list":["post-334","page","type-page","status-publish","hentry"],"_links":{"self":[{"href":"https:\/\/antn.pt\/en\/wp-json\/wp\/v2\/pages\/334","targetHints":{"allow":["GET"]}}],"collection":[{"href":"https:\/\/antn.pt\/en\/wp-json\/wp\/v2\/pages"}],"about":[{"href":"https:\/\/antn.pt\/en\/wp-json\/wp\/v2\/types\/page"}],"author":[{"embeddable":true,"href":"https:\/\/antn.pt\/en\/wp-json\/wp\/v2\/users\/1"}],"replies":[{"embeddable":true,"href":"https:\/\/antn.pt\/en\/wp-json\/wp\/v2\/comments?post=334"}],"version-history":[{"count":4,"href":"https:\/\/antn.pt\/en\/wp-json\/wp\/v2\/pages\/334\/revisions"}],"predecessor-version":[{"id":1940,"href":"https:\/\/antn.pt\/en\/wp-json\/wp\/v2\/pages\/334\/revisions\/1940"}],"up":[{"embeddable":true,"href":"https:\/\/antn.pt\/en\/wp-json\/wp\/v2\/pages\/329"}],"wp:attachment":[{"href":"https:\/\/antn.pt\/en\/wp-json\/wp\/v2\/media?parent=334"}],"curies":[{"name":"wp","href":"https:\/\/api.w.org\/{rel}","templated":true}]}}

<h4>CINECONCERTOs AO PIANO<br></h4>
<h4><span style="font-size: large;"><p style="color:#7f747487;"><strong>com filipe raposo</strong><br></p></span></h4>









<p style="text-align: justify; color: white; font-family: Roboto; font-size: small;">Para tentar promover a sua legitimação, o cinema, associou-se a outras áreas artísticas, como a literatura e a pintura, mas teve como principal aliado a música. O cinema mudo raramente foi silencioso, pois era comum que os visionamentos fossem feitos com acompanhamento de música ao vivo nos seus mais diversos formatos.<br>
Nos <strong>PIANO CINE-CONCERTS</strong>, voltamos a assistir aos filmes como foram projetados e acompanhados ao piano no início da história do cinema, uma experiência imperdível.<br><br>
Desde 2004 que <strong>Filipe Raposo</strong> colabora com a Cinemateca Portuguesa como pianista residente no acompanhamento de filmes mudos, tendo já acompanhado ao piano mais de 150 filmes da época do cinema mudo, criando verdadeiras bandas sonoras que se tornam intrínsecas aos objetos fílmicos.
<br><br>As sessões poderá ser realizada tanto em interior como no exterior. <br><br>
composition and piano <strong>Filipe Raposo</strong></p>







<strong>CINECONCERTOS DIRIGIDO AO PÚBLICO EM GERAL E FAMILIAR</strong>















<span style="font-family:Roboto;"><strong>CALENDAR</strong></span>
<p><span style="font-family:Roboto;"><span style="font-size:small;"><strong>2025</strong></span></span><br></p>




<span style="font-family:Roboto;"><p style="color:white;"><span style="font-size:small;">METRÓPOLIS<br>Fritz Lang</span><span style="background-color:#000000;"><br></span></p></span></span>


<span style="font-family:Roboto;"><span style="font-size:small;"><strong>13 DEZ 25</strong> | TEATRO MICAELENSE</span><span style="font-size:small;">, Açores</span></span><strong><span style="font-size:small;"><br></span></strong>




<p><span style="font-family:Roboto;"><span style="font-size:small;"><strong>2024</strong></span></span><br></p>




<span style="font-family: Roboto;"><p style="color:white;"><span style="font-size: small;">O ÚLTIMO DOS HOMENS<br>F.W.Murnau</span><span style="background-color:#000000;"><span style="background-color:#000000;"></span></span></p></span>


<span style="font-size:small;"><strong>23 NOV</strong> | CASA DAS ARTES, Porto</span><strong><span style="font-size:small;"><br></span></strong>




<span style="font-family: Roboto;"><p style="color:white;"><span style="font-size: small;">A PAIXÃO DE JOANA D&#8217;ARC<br>Carl Theodor Dreyer</span><span style="background-color:#000000;"><span style="background-color:#000000;"></span></span></p></span>


<span style="font-size:small;"><strong>25 OUT</strong> | CAPELA DA IMACULADA CONCEIÇÃO</span><strong><span style="font-size:small;">, </span></strong><span style="font-size:small;">Braga</span><strong><span style="font-size:small;"><br></span></strong>




<p><span style="font-family:Roboto;"><span style="font-size:small;"><strong>2023</strong></span></span><br></p>




<span style="font-family:Roboto;"><p style="color:white;"><span style="font-size:small;">A MÁSCARA DE FERRO<br>Allan Dwan</span><span style="background-color:#000000;"><br></span></p></span></span>


<span style="font-size:small;"><strong>09 DEZ</strong> | FESTIVAL DE JAZZ BERNARDO SASSETTI</span><span style="font-size:small;"> | CASA DAS ARTES, Porto</span><strong><span style="font-size:small;"><br></span></strong>




<span style="font-family: Roboto;"><p style="color:white;"><span style="font-size: small;">STEAMBOAT BILL, JR<br>Buster Keaton | Charles Reisner<br></span><span style="background-color:#000000;"><span style="background-color:#000000;"></span></span></p></span>


<span style="font-size:small;"><strong>26 NOV</strong> | FÓRUM CULTURAL, Seixal</span><strong><span style="font-size:small;"><br></span></strong><strong><span style="font-size:small;"></span></strong>




<span style="font-family: Roboto;"><p style="color:white;"><span style="font-size: small;">STEAMBOAT BILL, JR<br>Buster Keaton | Charles Reisner<br></span><span style="background-color:#000000;"><span style="background-color:#000000;"></span></span></p></span>


<span style="font-size:small;"><strong>10 JUN</strong> | </span><span style="font-size:small;">CENTRO CULTURAL RAIANO, Idanha-a-Nova</span><strong><span style="font-size:small;"><br></span></strong>
