{"id":399,"date":"2024-10-29T18:10:25","date_gmt":"2024-10-29T18:10:25","guid":{"rendered":"https:\/\/antn.pt\/?page_id=399"},"modified":"2025-06-01T11:01:08","modified_gmt":"2025-06-01T11:01:08","slug":"um-piano-afinado-pelo-cinema","status":"publish","type":"page","link":"https:\/\/antn.pt\/en\/em-circulacao\/um-piano-afinado-pelo-cinema\/","title":{"rendered":"A Piano Tuned to Cinema"},"content":{"rendered":"\n\n\n<h4>UM PIANO AFINADO PELO CINEMA<br><\/h4>\n<h4><span style=\"font-size: large;\"><p style=\"color:#7f747487;\"><strong>com filipe raposo<\/strong><br><\/p><\/span><\/h4>\n\n\n\n\n\n\n\n\n\n\n<p style=\"text-align: justify; color: white; font-family: Roboto; font-size: small;\"><strong>UM PIANO AFINADO PELO CINEMA<\/strong> \u00e9 um cineconcerto comentado, dirigido ao p\u00fablico escolar e\/ou familiar. <br><br>\n<strong>Filipe Raposo<\/strong> j\u00e1 acompanhou ao piano mais de 150 filmes da \u00e9poca do cinema mudo, criando verdadeiras bandas sonoras que se tornam intr\u00ednsecas aos objetos f\u00edlmicos.<br><br> Neste espet\u00e1culo,<strong> Filipe Raposo<\/strong> apresenta excertos de filmes mudos de Irm\u00e3os Lumi\u00e8re, Lotte Reiniger, Fritz Lang, Buster Keaton, Charles Chaplin e Georges M\u00e9li\u00e8s, comentando-os e acompanhando-os ao piano \u2013 t\u00edtulos indispens\u00e1veis da hist\u00f3ria do cinema, assim como os seus realizadores e personagens.<br><br> \nNa tela de <strong>UM PIANO AFINADO PELO CINEMA<\/strong>, passam excertos de \u201cCurtas dos Irm\u00e3os Lumi\u00e9re\u201d [1895], \u201cAs Aventuras do Pr\u00edncipe Achmed\u201d [1926], \u201cMetropolis\u201d [1928],&nbsp;Sherlock Holmes Jr\u201d [1924], \u201cO Espantalho\u201d [1920], \u201cViagem \u00e0 Lua\u201d [1902], &#8220;Uma Semana&#8221; [1920] e &#8220;O Circo&#8221; [1928].<\/p>\n\n\n\n\n\n\n\n<strong>CINECONCERTO COMENTADO | SESS\u00d5ES DIRIGIDAS AO SERVI\u00c7O EDUCATIVO E AO P\u00daBLICO FAMILIAR<br><\/strong>\n\n\n\n\n\n\n\n\n\n\n\n\n\n\n\n<strong>AGENDA<\/strong>\n<p><span style=\"font-family:Roboto;\"><span style=\"font-size:small;\"><strong>2024<\/strong><\/span><\/span><br><\/p>\n\n\n\n\n<span style=\"font-size:large;\"><span style=\"font-family:Roboto;\"><p style=\"color:white;\"><span style=\"font-size: small;\">UM PIANO AFINADO PELO CINEMA<span style=\"background-color:#000000;\"><\/span><\/span><span style=\"background-color:#000000;\"><br><\/span><\/p><\/span><\/span>\n\n\n<span style=\"font-size:small;\"><strong>14 DEZ<\/strong> | <\/span><span style=\"font-size:small;\">TEATRO STEPHENS, Marinha Grande<\/span><strong><span style=\"font-size:small;\"><br><\/span><\/strong>\n\n\n\n\n<span style=\"font-size:large;\"><span style=\"font-family:Roboto;\"><p style=\"color: white; font-size: small;\">UM PIANO AFINADO PELO CINEMA<\/p><\/span><\/span>\n\n\n<span style=\"font-size:small;\"><strong>01 DEZ<\/strong> | CENTRO DE ARTES, \u00c1gueda<\/span><strong><span style=\"font-size:small;\"><br><\/span><\/strong>\n\n\n\n\n<span style=\"font-size:large;\"><span style=\"font-family:Roboto;\"><p style=\"color: white; font-size: small;\">UM PIANO AFINADO PELO CINEMA<\/p><\/span><\/span>\n\n\n<span style=\"font-size:small;\"><strong>05 NOV<\/strong> | TEATRO S\u00c1 DA BANDEIRA, Santar\u00e9m<\/span><strong><span style=\"font-size:small;\"><br><\/span><\/strong>\n\n\n\n\n<span style=\"font-size:large;\"><span style=\"font-family:Roboto;\"><p style=\"color:white;\"><span style=\"font-size: small;\">UM PIANO AFINADO PELO CINEMA<span style=\"background-color:#000000;\"><\/span><\/span><span style=\"background-color:#000000;\"><br><\/span><\/p><\/span><\/span>\n\n\n<span style=\"font-size:small;\"><strong>30 JAN a 16 FEV <\/strong>| <\/span><span style=\"font-size:small;\">AUDIT\u00d3RIO DO CENTRO CULTURAL DA MALAPOSTA, Odivelas<\/span><strong><span style=\"font-size:small;\"><br><\/span><\/strong>\n\n\n\n\n<p><span style=\"font-family:Roboto;\"><span style=\"font-size:small;\"><strong>2023<\/strong><\/span><\/span><br><\/p>\n\n\n\n\n<span style=\"font-size:large;\"><span style=\"font-family:Roboto;\"><p style=\"color:white;\"><span style=\"font-size: small;\">UM PIANO AFINADO PELO CINEMA<span style=\"background-color:#000000;\"><\/span><\/span><span style=\"background-color:#000000;\"><br><\/span><\/p><\/span><\/span>\n\n\n<span style=\"font-size:small;\"><strong>10 JUN<\/strong> | <\/span><span style=\"font-size:small;\">CENTRO CULTURAL RAIANO, Idanha-a-Nova<\/span><strong><span style=\"font-size:small;\"><br><\/span><\/strong>\n\n\n\n\n\n\n\n\n\n\n","protected":false},"excerpt":{"rendered":"","protected":false},"author":1,"featured_media":0,"parent":329,"menu_order":0,"comment_status":"closed","ping_status":"closed","template":"","meta":{"pagelayer_contact_templates":[],"_pagelayer_content":"","footnotes":""},"class_list":["post-399","page","type-page","status-publish","hentry"],"_links":{"self":[{"href":"https:\/\/antn.pt\/en\/wp-json\/wp\/v2\/pages\/399","targetHints":{"allow":["GET"]}}],"collection":[{"href":"https:\/\/antn.pt\/en\/wp-json\/wp\/v2\/pages"}],"about":[{"href":"https:\/\/antn.pt\/en\/wp-json\/wp\/v2\/types\/page"}],"author":[{"embeddable":true,"href":"https:\/\/antn.pt\/en\/wp-json\/wp\/v2\/users\/1"}],"replies":[{"embeddable":true,"href":"https:\/\/antn.pt\/en\/wp-json\/wp\/v2\/comments?post=399"}],"version-history":[{"count":0,"href":"https:\/\/antn.pt\/en\/wp-json\/wp\/v2\/pages\/399\/revisions"}],"up":[{"embeddable":true,"href":"https:\/\/antn.pt\/en\/wp-json\/wp\/v2\/pages\/329"}],"wp:attachment":[{"href":"https:\/\/antn.pt\/en\/wp-json\/wp\/v2\/media?parent=399"}],"curies":[{"name":"wp","href":"https:\/\/api.w.org\/{rel}","templated":true}]}}

<h4>UM PIANO AFINADO PELO CINEMA<br></h4>
<h4><span style="font-size: large;"><p style="color:#7f747487;"><strong>com filipe raposo</strong><br></p></span></h4>










<p style="text-align: justify; color: white; font-family: Roboto; font-size: small;"><strong>UM PIANO AFINADO PELO CINEMA</strong> é um cineconcerto comentado, dirigido ao público escolar e/ou familiar. <br><br>
<strong>Filipe Raposo</strong> já acompanhou ao piano mais de 150 filmes da época do cinema mudo, criando verdadeiras bandas sonoras que se tornam intrínsecas aos objetos fílmicos.<br><br> Neste espetáculo,<strong> Filipe Raposo</strong> apresenta excertos de filmes mudos de Irmãos Lumière, Lotte Reiniger, Fritz Lang, Buster Keaton, Charles Chaplin e Georges Méliès, comentando-os e acompanhando-os ao piano – títulos indispensáveis da história do cinema, assim como os seus realizadores e personagens.<br><br> 
Na tela de <strong>UM PIANO AFINADO PELO CINEMA</strong>, passam excertos de “Curtas dos Irmãos Lumiére” [1895], “As Aventuras do Príncipe Achmed” [1926], “Metropolis” [1928],&nbsp;Sherlock Holmes Jr” [1924], “O Espantalho” [1920], “Viagem à Lua” [1902], &#8220;Uma Semana&#8221; [1920] e &#8220;O Circo&#8221; [1928].</p>







<strong>CINECONCERTO COMENTADO | SESSÕES DIRIGIDAS AO SERVIÇO EDUCATIVO E AO PÚBLICO FAMILIAR<br></strong>















<strong>AGENDA</strong>
<p><span style="font-family:Roboto;"><span style="font-size:small;"><strong>2024</strong></span></span><br></p>




<span style="font-size:large;"><span style="font-family:Roboto;"><p style="color:white;"><span style="font-size: small;">UM PIANO AFINADO PELO CINEMA<span style="background-color:#000000;"></span></span><span style="background-color:#000000;"><br></span></p></span></span>


<span style="font-size:small;"><strong>14 DEZ</strong> | </span><span style="font-size:small;">TEATRO STEPHENS, Marinha Grande</span><strong><span style="font-size:small;"><br></span></strong>




<span style="font-size:large;"><span style="font-family:Roboto;"><p style="color: white; font-size: small;">UM PIANO AFINADO PELO CINEMA</p></span></span>


<span style="font-size:small;"><strong>01 DEZ</strong> | CENTRO DE ARTES, Águeda</span><strong><span style="font-size:small;"><br></span></strong>




<span style="font-size:large;"><span style="font-family:Roboto;"><p style="color: white; font-size: small;">UM PIANO AFINADO PELO CINEMA</p></span></span>


<span style="font-size:small;"><strong>05 NOV</strong> | TEATRO SÁ DA BANDEIRA, Santarém</span><strong><span style="font-size:small;"><br></span></strong>




<span style="font-size:large;"><span style="font-family:Roboto;"><p style="color:white;"><span style="font-size: small;">UM PIANO AFINADO PELO CINEMA<span style="background-color:#000000;"></span></span><span style="background-color:#000000;"><br></span></p></span></span>


<span style="font-size:small;"><strong>30 JAN a 16 FEV </strong>| </span><span style="font-size:small;">AUDITÓRIO DO CENTRO CULTURAL DA MALAPOSTA, Odivelas</span><strong><span style="font-size:small;"><br></span></strong>




<p><span style="font-family:Roboto;"><span style="font-size:small;"><strong>2023</strong></span></span><br></p>




<span style="font-size:large;"><span style="font-family:Roboto;"><p style="color:white;"><span style="font-size: small;">UM PIANO AFINADO PELO CINEMA<span style="background-color:#000000;"></span></span><span style="background-color:#000000;"><br></span></p></span></span>


<span style="font-size:small;"><strong>10 JUN</strong> | </span><span style="font-size:small;">CENTRO CULTURAL RAIANO, Idanha-a-Nova</span><strong><span style="font-size:small;"><br></span></strong>
