{"id":473,"date":"2024-11-07T13:47:14","date_gmt":"2024-11-07T13:47:14","guid":{"rendered":"https:\/\/antn.pt\/?page_id=473"},"modified":"2025-06-01T11:05:30","modified_gmt":"2025-06-01T11:05:30","slug":"obsidiana","status":"publish","type":"page","link":"https:\/\/antn.pt\/en\/em-circulacao\/obsidiana\/","title":{"rendered":"\u00d8bsidiana"},"content":{"rendered":"\n\n\n<h4>\u00d8BSIDIANA<br><\/h4>\n<h4><span style=\"font-size: large;\"><p style=\"color:#7f747487;\"><strong>TRILOGIA DAS CORES | VOL.2<\/strong><br><\/p><\/span><\/h4>\n\n\n\n\n\n\n\n<p style=\"text-align: justify; color: black; font-family: Roboto; font-size: small;\">Chama-se <strong>\u00d8BSIDIANA <\/strong>e \u00e9 o segundo cap\u00edtulo da <strong>Trilogia das Cores<\/strong>, ensaio sonoro e visual lan\u00e7ado por Filipe Raposo em 2019, que parte da reflex\u00e3o art\u00edstica sobre a influ\u00eancia de 3 cores: vermelho (<strong>\u00d8CRE <\/strong>&#8211; 2019), preto (<strong>\u00d8BSIDIANA <\/strong>&#8211; 2022) e branco (<strong>VARIA\u00c7\u00d5ES DO BRANC\u00d8<\/strong> &#8211; 2025). <br><br>\nCom <strong>\u00d8CRE <\/strong>o pianista e compositor abordou a varia\u00e7\u00e3o de vermelho, encarnada num report\u00f3rio de temas in\u00e9ditos e reinterpreta\u00e7\u00f5es de outras obras: <em>\u201cA um deus desconhecido\u201d<\/em>, baseada no coral BWV 245 de Bach; <em>\u201c\u00d3 meu bem\u201d<\/em>, sobre uma melodia tradicional a\u00e7oriana, e <em>\u201cOblivion Soave\u201d<\/em>, de uma \u00f3pera de Monteverdi (<em>\u201cA Coroa\u00e7\u00e3o de Pompeia\u201d<\/em>), com interpreta\u00e7\u00e3o da cantora Rita Maria.<br><br>\nSe numa primeira reflex\u00e3o foram surgindo m\u00faltiplos significados associados \u00e0 cor vermelha, relacionados com o poder, o amor ou a morte, neste segundo cap\u00edtulo \u00e9 celebrado o preto, historicamente ligado a conota\u00e7\u00f5es que v\u00e3o desde a aus\u00eancia da pr\u00f3pria cor ao tom pobre. Do luxo sofisticado e elegante \u00e0 dignidade e ao mist\u00e9rio.<\/p>\n\n\n\n\n\n<strong>FICHA ART\u00cdSTICA<\/strong><br> \npiano e composi\u00e7\u00e3o <strong>FILIPE RAPOSO | <\/strong>produ\u00e7\u00e3o musical <strong>FILIPE RAPOSO <\/strong><strong>| <\/strong>grava\u00e7\u00e3o e masteriza\u00e7\u00e3o <strong>ANDR\u00c9 TAVARES\/EST\u00daDIO TIMBUKTU | <\/strong>design<strong> PAULA DELECAVE | <\/strong>fotografia<strong> FILIPE FERREIRA <\/strong>e <strong>FILIPE RAPOSO | <\/strong>difus\u00e3o <strong>JOANA FERREIRA\/ANTN<\/strong><strong> | <\/strong>apoio<strong> REP\u00daBLICA PORTUGUESA, MINIST\u00c9RIO DA CULTURA, SPA, AGECOP, FUNDA\u00c7\u00c3O GDA, ANTENA2<br><\/strong>\nlan\u00e7amento<strong> 04 JUN 2022<\/strong><strong> | CENTRO CULTURAL DA MALAPOSTA, Odivelas<br><\/strong>\n\n\n\n\n\n\n\n\n\n\n\n\n\n\n\n\n<p style=\"text-align: justify; color: black; font-family: Roboto; font-size: 11px;\"><strong>BIOGRAFIA<\/strong><br> \n<strong>Filipe Raposo<\/strong> \u00e9 pianista, compositor e orquestrador. Iniciou os seus estudos de piano no Conservat\u00f3rio Nacional de Lisboa e concluiu o mestrado em Piano Jazz Performance pelo Royal College of Music (Estocolmo), tendo sido bolseiro da Royal Music Academy of Stockholm. \u00c9 licenciado em Composi\u00e7\u00e3o pela Escola Superior de M\u00fasica de Lisboa.\nEnquanto compositor, orquestrador e pianista, tem colaborado com in\u00fameras orquestras europeias, apresentando-se a solo ou com diferentes forma\u00e7\u00f5es em festivais internacionais. Colaborou em concertos e em grava\u00e7\u00f5es discogr\u00e1ficas com alguns dos principais nomes da m\u00fasica portuguesa.\nDesde 2004, colabora com a Cinemateca Portuguesa como pianista residente no acompanhamento de filmes mudos. A convite desta institui\u00e7\u00e3o, comp\u00f4s e gravou a banda sonora para as edi\u00e7\u00f5es em DVD de filmes portugueses do cinema mudo: <strong>Lisboa, Cr\u00f3nica Aned\u00f3tica<\/strong>, de Leit\u00e3o de Barros (men\u00e7\u00e3o honrosa no festival Il Cinema Ritrovato, em Bolonha); <strong>O T\u00e1xi n.\u00ba 9297<\/strong>, de Reinaldo Ferreira; <strong>O Primo Bas\u00edlio, Frei Bonif\u00e1cio, Barba Negra<\/strong> e <strong>Primo Bas\u00edlio<\/strong> de Georges Pallu; <strong>Nazar\u00e9, Praia de Pescadores<\/strong>, de Leit\u00e3o de Barros.\nTrabalha tamb\u00e9m regularmente como compositor em cinema e teatro. Autor da m\u00fasica original do document\u00e1rio <strong>Um Corpo que Dan\u00e7a \u2013 Ballet Gulbenkian 1965-2005<\/strong>, de Marco Martins. Em 2022 realizou, em parceria com Ant\u00f3nio Jorge Gon\u00e7alves, o document\u00e1rio <strong>O Nascimento da Arte.<\/strong> No mesmo ano escreveu a \u00f3pera <strong>As Cortes de J\u00fapiter<\/strong> (Gil Vicente), com encena\u00e7\u00e3o de Ricardo Neves-Neves. <br>\nEm nome pr\u00f3prio, editou os discos: \n<strong>First Falls<\/strong> [Pr\u00e9mio Artista Revela\u00e7\u00e3o Funda\u00e7\u00e3o Am\u00e1lia \u2013 2011] | <strong>A Hundred Silent Ways<\/strong> (2013) | <strong>Inquietude<\/strong> (2015) | <strong>Rita Maria &amp; Filipe Raposo Live in Oslo<\/strong> (2018) | <strong>\u00d8cre<\/strong> <strong>vol.1<\/strong> (2019) | <strong>The Art of Song vol.1: When Barroque Meets Jazz<\/strong> (2020) | <strong>\u00d8bsidiana vol.2<\/strong> (2022) | <strong>The Art of Song vol.2: Between Sacred and Profane<\/strong> (2023).\n\n\n\n\n\n\n\n\n\n<span style=\"font-family:Roboto;\"><strong>AGENDA<\/strong><\/span>\n<p><span style=\"font-family:Roboto;\"><span style=\"font-size:small;\"><strong>2024<\/strong><\/span><\/span><br><\/p>\n\n\n\n\n<span style=\"font-size:large;\"><span style=\"font-family:Roboto;\"><p style=\"color:white;\">\u00d8BSIDIANA<span style=\"background-color:#000000;\"><br><\/span><\/p><\/span><\/span>\n\n\n<span style=\"font-size:small;\"><strong>27 ABR<\/strong> | SANTA CASA JAZZ FEST<\/span><span style=\"font-size:small;\">, Lisboa<strong><br><\/strong><\/span>\n\n\n\n\n<p><span style=\"font-family:Roboto;\"><span style=\"font-size:small;\"><strong>2023<\/strong><\/span><\/span><br><\/p>\n\n\n\n\n<span style=\"font-size:large;\"><span style=\"font-family:Roboto;\"><p style=\"color:white;\">\u00d8BSIDIANA<span style=\"background-color:#000000;\"><br><\/span><\/p><\/span><\/span>\n\n\n<span style=\"font-size:small;\"><strong>25 JUL<\/strong> | FESTAS DE LOURES | JARDIM ROSA BASTOS<\/span><span style=\"font-size:small;\"><strong>, <\/strong>Loures<strong><br><\/strong><\/span>\n\n\n\n\n\n\n\n\n\n\n","protected":false},"excerpt":{"rendered":"","protected":false},"author":1,"featured_media":0,"parent":329,"menu_order":0,"comment_status":"closed","ping_status":"closed","template":"","meta":{"pagelayer_contact_templates":[],"_pagelayer_content":"","footnotes":""},"class_list":["post-473","page","type-page","status-publish","hentry"],"_links":{"self":[{"href":"https:\/\/antn.pt\/en\/wp-json\/wp\/v2\/pages\/473","targetHints":{"allow":["GET"]}}],"collection":[{"href":"https:\/\/antn.pt\/en\/wp-json\/wp\/v2\/pages"}],"about":[{"href":"https:\/\/antn.pt\/en\/wp-json\/wp\/v2\/types\/page"}],"author":[{"embeddable":true,"href":"https:\/\/antn.pt\/en\/wp-json\/wp\/v2\/users\/1"}],"replies":[{"embeddable":true,"href":"https:\/\/antn.pt\/en\/wp-json\/wp\/v2\/comments?post=473"}],"version-history":[{"count":0,"href":"https:\/\/antn.pt\/en\/wp-json\/wp\/v2\/pages\/473\/revisions"}],"up":[{"embeddable":true,"href":"https:\/\/antn.pt\/en\/wp-json\/wp\/v2\/pages\/329"}],"wp:attachment":[{"href":"https:\/\/antn.pt\/en\/wp-json\/wp\/v2\/media?parent=473"}],"curies":[{"name":"wp","href":"https:\/\/api.w.org\/{rel}","templated":true}]}}

Øbsidiana

<h4>ØBSIDIANA<br></h4>
<h4><span style="font-size: large;"><p style="color:#7f747487;"><strong>TRILOGIA DAS CORES | VOL.2</strong><br></p></span></h4>







<p style="text-align: justify; color: black; font-family: Roboto; font-size: small;">Chama-se <strong>ØBSIDIANA </strong>e é o segundo capítulo da <strong>Trilogia das Cores</strong>, ensaio sonoro e visual lançado por Filipe Raposo em 2019, que parte da reflexão artística sobre a influência de 3 cores: vermelho (<strong>ØCRE </strong>&#8211; 2019), preto (<strong>ØBSIDIANA </strong>&#8211; 2022) e branco (<strong>VARIAÇÕES DO BRANCØ</strong> &#8211; 2025). <br><br>
Com <strong>ØCRE </strong>o pianista e compositor abordou a variação de vermelho, encarnada num reportório de temas inéditos e reinterpretações de outras obras: <em>“A um deus desconhecido”</em>, baseada no coral BWV 245 de Bach; <em>“Ó meu bem”</em>, sobre uma melodia tradicional açoriana, e <em>“Oblivion Soave”</em>, de uma ópera de Monteverdi (<em>“A Coroação de Pompeia”</em>), com interpretação da cantora Rita Maria.<br><br>
Se numa primeira reflexão foram surgindo múltiplos significados associados à cor vermelha, relacionados com o poder, o amor ou a morte, neste segundo capítulo é celebrado o preto, historicamente ligado a conotações que vão desde a ausência da própria cor ao tom pobre. Do luxo sofisticado e elegante à dignidade e ao mistério.</p>





<strong>FICHA ARTÍSTICA</strong><br> 
piano e composição <strong>FILIPE RAPOSO | </strong>produção musical <strong>FILIPE RAPOSO </strong><strong>| </strong>gravação e masterização <strong>ANDRÉ TAVARES/ESTÚDIO TIMBUKTU | </strong>design<strong> PAULA DELECAVE | </strong>fotografia<strong> FILIPE FERREIRA </strong>e <strong>FILIPE RAPOSO | </strong>difusão <strong>JOANA FERREIRA/ANTN</strong><strong> | </strong>apoio<strong> REPÚBLICA PORTUGUESA, MINISTÉRIO DA CULTURA, SPA, AGECOP, FUNDAÇÃO GDA, ANTENA2<br></strong>
lançamento<strong> 04 JUN 2022</strong><strong> | CENTRO CULTURAL DA MALAPOSTA, Odivelas<br></strong>
















<p style="text-align: justify; color: black; font-family: Roboto; font-size: 11px;"><strong>BIOGRAFIA</strong><br> 
<strong>Filipe Raposo</strong> é pianista, compositor e orquestrador. Iniciou os seus estudos de piano no Conservatório Nacional de Lisboa e concluiu o mestrado em Piano Jazz Performance pelo Royal College of Music (Estocolmo), tendo sido bolseiro da Royal Music Academy of Stockholm. É licenciado em Composição pela Escola Superior de Música de Lisboa.
Enquanto compositor, orquestrador e pianista, tem colaborado com inúmeras orquestras europeias, apresentando-se a solo ou com diferentes formações em festivais internacionais. Colaborou em concertos e em gravações discográficas com alguns dos principais nomes da música portuguesa.
Desde 2004, colabora com a Cinemateca Portuguesa como pianista residente no acompanhamento de filmes mudos. A convite desta instituição, compôs e gravou a banda sonora para as edições em DVD de filmes portugueses do cinema mudo: <strong>Lisboa, Crónica Anedótica</strong>, de Leitão de Barros (menção honrosa no festival Il Cinema Ritrovato, em Bolonha); <strong>O Táxi n.º 9297</strong>, de Reinaldo Ferreira; <strong>O Primo Basílio, Frei Bonifácio, Barba Negra</strong> e <strong>Primo Basílio</strong> de Georges Pallu; <strong>Nazaré, Praia de Pescadores</strong>, de Leitão de Barros.
Trabalha também regularmente como compositor em cinema e teatro. Autor da música original do documentário <strong>Um Corpo que Dança – Ballet Gulbenkian 1965-2005</strong>, de Marco Martins. Em 2022 realizou, em parceria com António Jorge Gonçalves, o documentário <strong>O Nascimento da Arte.</strong> No mesmo ano escreveu a ópera <strong>As Cortes de Júpiter</strong> (Gil Vicente), com encenação de Ricardo Neves-Neves. <br>
Em nome próprio, editou os discos: 
<strong>First Falls</strong> [Prémio Artista Revelação Fundação Amália – 2011] | <strong>A Hundred Silent Ways</strong> (2013) | <strong>Inquietude</strong> (2015) | <strong>Rita Maria &amp; Filipe Raposo Live in Oslo</strong> (2018) | <strong>Øcre</strong> <strong>vol.1</strong> (2019) | <strong>The Art of Song vol.1: When Barroque Meets Jazz</strong> (2020) | <strong>Øbsidiana vol.2</strong> (2022) | <strong>The Art of Song vol.2: Between Sacred and Profane</strong> (2023).









<span style="font-family:Roboto;"><strong>AGENDA</strong></span>
<p><span style="font-family:Roboto;"><span style="font-size:small;"><strong>2024</strong></span></span><br></p>




<span style="font-size:large;"><span style="font-family:Roboto;"><p style="color:white;">ØBSIDIANA<span style="background-color:#000000;"><br></span></p></span></span>


<span style="font-size:small;"><strong>27 ABR</strong> | SANTA CASA JAZZ FEST</span><span style="font-size:small;">, Lisboa<strong><br></strong></span>




<p><span style="font-family:Roboto;"><span style="font-size:small;"><strong>2023</strong></span></span><br></p>




<span style="font-size:large;"><span style="font-family:Roboto;"><p style="color:white;">ØBSIDIANA<span style="background-color:#000000;"><br></span></p></span></span>


<span style="font-size:small;"><strong>25 JUL</strong> | FESTAS DE LOURES | JARDIM ROSA BASTOS</span><span style="font-size:small;"><strong>, </strong>Loures<strong><br></strong></span>
